{"id":9452,"date":"2026-03-01T18:59:16","date_gmt":"2026-03-01T23:59:16","guid":{"rendered":"https:\/\/eco-regalos.com\/Colombia\/?page_id=9452"},"modified":"2026-03-01T19:49:30","modified_gmt":"2026-03-02T00:49:30","slug":"compensa-tu-huella-de-carbono","status":"publish","type":"page","link":"https:\/\/eco-regalos.com\/Colombia\/compensa-tu-huella-de-carbono\/","title":{"rendered":"Compensa tu huella de Carbono"},"content":{"rendered":"\n<h4 class=\"wp-block-heading\" id=\"h-kits-de-compensacion-ambiental-compensa-tu-huella-de-carbono\">Kits de Compensaci\u00f3n Ambiental. Compensa tu huella de carbono.<\/h4>\n\n\n<div class=\"wp-block-image\">\n<figure class=\"aligncenter size-full is-resized\"><img loading=\"lazy\" decoding=\"async\" width=\"741\" height=\"494\" loading=\"lazy\" class=\"eco-fade-img\" src=\"https:\/\/eco-regalos.com\/Colombia\/wp-content\/uploads\/2026\/03\/reforestacion-01.jpg\" alt=\"\" class=\"wp-image-9472\" style=\"width:481px;height:auto\" srcset=\"https:\/\/eco-regalos.com\/Colombia\/wp-content\/uploads\/2026\/03\/reforestacion-01.jpg 741w, https:\/\/eco-regalos.com\/Colombia\/wp-content\/uploads\/2026\/03\/reforestacion-01-300x200.jpg 300w, https:\/\/eco-regalos.com\/Colombia\/wp-content\/uploads\/2026\/03\/reforestacion-01-600x400.jpg 600w\" sizes=\"auto, (max-width: 741px) 100vw, 741px\" \/><\/figure>\n<\/div>\n\n\n<p><strong>Compensa tu huella de carbono<\/strong>. con nuestros <strong>Kits de Compensaci\u00f3n Ambiental en Caja x 8 Arbolitos Nativos<\/strong>, seleccionados por su valor ecosist\u00e9mico y listos para trasplante inmediato. Es la herramienta ideal para ejecutar\u00a0<strong>campa\u00f1as de sostenibilidad territorial<\/strong>, permitiendo que su empresa siembre vida en cualquier lugar de Colombia. <\/p>\n\n\n\n<div class=\"wp-block-buttons is-content-justification-center is-layout-flex wp-container-core-buttons-is-layout-8057eaf3 wp-block-buttons-is-layout-flex\">\n<div class=\"wp-block-button\"><a class=\"wp-block-button__link has-text-align-center wp-element-button\">Quiero recibir asesor\u00eda<\/a><\/div>\n<\/div>\n\n\n\n<h5 class=\"wp-block-heading\" id=\"h-mas-que-arboles-entregamos-un-activo-ambiental-cuantificable\">M\u00e1s que \u00e1rboles, entregamos un activo ambiental cuantificable:<\/h5>\n\n\n\n<p>Cada campa\u00f1a incluye un <strong>Informe de Captura de Carbono<\/strong>, facilitando el reporte de indicadores de gesti\u00f3n y el acceso a los beneficios tributarios de ley para su organizaci\u00f3n.<\/p>\n\n\n\n<h5 class=\"wp-block-heading\" id=\"h-beneficios-tributarios\">Beneficios Tributarios<\/h5>\n\n\n\n<ul class=\"wp-block-list\">\n<li><strong>Deducci\u00f3n por Inversiones Ambientales:<\/strong>&nbsp;Seg\u00fan el&nbsp;<strong>Art\u00edculo 255 del Estatuto Tributario<\/strong>, las empresas pueden descontar del impuesto de renta el&nbsp;<strong>25% de la inversi\u00f3n<\/strong>&nbsp;realizada en control, conservaci\u00f3n y mejoramiento del medio ambiente.<\/li>\n\n\n\n<li>&nbsp;<\/li>\n\n\n\n<li><strong>Certificaci\u00f3n de Donaci\u00f3n:<\/strong> Si los \u00e1rboles se entregan a trav\u00e9s de un proyecto de restauraci\u00f3n espec\u00edfico, la empresa puede recibir un certificado que le otorga beneficios fiscales adicionales.<\/li>\n\n\n\n<li>Consulta con tu contador.<\/li>\n<\/ul>\n\n\n\n<div class=\"wp-block-buttons is-content-justification-center is-layout-flex wp-container-core-buttons-is-layout-8057eaf3 wp-block-buttons-is-layout-flex\">\n<div class=\"wp-block-button\"><a class=\"wp-block-button__link has-text-align-center wp-element-button\">M\u00e1s informaci\u00f3n<\/a><\/div>\n<\/div>\n\n\n\n<h5 class=\"wp-block-heading\" id=\"h-indicadores-de-gestion-ambiental-kpis\">Indicadores de Gesti\u00f3n Ambiental (KPIs)<\/h5>\n\n\n\n<ul class=\"wp-block-list\">\n<li><strong>GEI (Gases de Efecto Invernadero):<\/strong> Toneladas de&nbsp;equivalentes capturadas proyectadas a 5, 10 y 20 a\u00f1os.<\/li>\n\n\n\n<li><strong>\u00cdndice de Supervivencia:<\/strong> Incluye instrucciones digitales que aseguran un mayor \u00edndice de supervivencia.<\/li>\n\n\n\n<li><strong>Aporte a los ODS:<\/strong>&nbsp;Tu producto impacta directamente en el&nbsp;<strong>ODS 13 (Acci\u00f3n por el Clima)<\/strong>&nbsp;y&nbsp;<strong>ODS 15 (Vida de Ecosistemas Terrestres)<\/strong>.<\/li>\n<\/ul>\n\n\n\n<h5 class=\"wp-block-heading\" id=\"h-logistica-y-practica\">Log\u00edstica y Pr\u00e1ctica<\/h5>\n\n\n\n<figure class=\"wp-block-table\"><table class=\"has-fixed-layout\"><tbody><tr><th class=\"has-text-align-center\" data-align=\"center\"><strong>Caracter\u00edstica<\/strong><\/th><th class=\"has-text-align-center\" data-align=\"center\"><strong>Beneficio para la Empresa<\/strong><\/th><\/tr><tr><td><strong>Formato Modular<\/strong><\/td><td>Permite enviar kits a sucursales en todo el pa\u00eds, facilitando la log\u00edstica de la campa\u00f1a.<\/td><\/tr><tr><td><strong>Listos para Trasplante<\/strong><\/td><td>Reduce costos de mantenimiento previo; la empresa solo debe coordinar la jornada de siembra.<\/td><\/tr><tr><td><strong>Env\u00edo Nacional<\/strong><\/td><td>Ideal para empresas con presencia multiregional (bancos, mensajer\u00eda, retail).<\/td><\/tr><tr><td><strong>Informe de Huella<\/strong><\/td><td>Para el informe de sostenibilidad anual (GRI o Business Case).<\/td><\/tr><\/tbody><\/table><\/figure>\n\n\n\n<p><\/p>\n\n\n\n<h5 class=\"wp-block-heading\" id=\"h-transformamos-tu-compromiso-ambiental-en-acciones-medibles\">Transformamos tu compromiso ambiental en acciones medibles.<\/h5>\n\n\n\n<ul class=\"wp-block-list\">\n<li>Con nuestro <strong>Kit de Compensaci\u00f3n Ambiental<\/strong>, tu empresa recibe 8 \u00e1rboles listos para trasplante en cualquier rinc\u00f3n del pa\u00eds, junto con un informe t\u00e9cnico de captura de carbono dise\u00f1ado para tus indicadores de gesti\u00f3n y adicional beneficios tributarios bajo el Art. 255 del E.T.<\/li>\n<\/ul>\n\n\n\n<div class=\"wp-block-buttons is-content-justification-center is-layout-flex wp-container-core-buttons-is-layout-8057eaf3 wp-block-buttons-is-layout-flex\">\n<div class=\"wp-block-button\"><a class=\"wp-block-button__link has-text-align-center wp-element-button\">Contacta con un asesor<\/a><\/div>\n<\/div>\n\n\n\n<p><\/p>\n","protected":false},"excerpt":{"rendered":"<p>Kits de Compensaci\u00f3n Ambiental. Compensa tu huella de carbono. Compensa tu huella de carbono. con nuestros Kits de Compensaci\u00f3n Ambiental en Caja x 8 Arbolitos Nativos, seleccionados por su valor ecosist\u00e9mico y listos para trasplante inmediato. Es la herramienta ideal para ejecutar\u00a0campa\u00f1as de sostenibilidad territorial, permitiendo que su empresa siembre vida en cualquier lugar de Colombia. M\u00e1s que \u00e1rboles, entregamos un activo ambiental cuantificable: Cada campa\u00f1a incluye un Informe de Captura de Carbono, facilitando el reporte de indicadores de gesti\u00f3n y el acceso a los beneficios tributarios de ley para&hellip;<\/p>\n","protected":false},"author":1,"featured_media":0,"parent":0,"menu_order":0,"comment_status":"closed","ping_status":"closed","template":"","meta":{"_sitemap_exclude":false,"_sitemap_priority":"","_sitemap_frequency":"","footnotes":""},"class_list":["post-9452","page","type-page","status-publish","hentry"],"yoast_head":"<!-- This site is optimized with the Yoast SEO Premium plugin v27.4 (Yoast SEO v27.4) - https:\/\/yoast.com\/product\/yoast-seo-premium-wordpress\/ -->\n<title>Compensa tu huella de Carbono<\/title>\n<meta name=\"description\" content=\"Compensa tu huella de Carbono. Kits de Compensaci\u00f3n Ambiental Caja x 8 Arbolitos Nativos con alto valor ecosist\u00e9mico y listos para trasplante.\" \/>\n<meta name=\"robots\" content=\"index, follow, max-snippet:-1, max-image-preview:large, max-video-preview:-1\" \/>\n<link rel=\"canonical\" href=\"https:\/\/eco-regalos.com\/Colombia\/compensa-tu-huella-de-carbono\/\" \/>\n<meta property=\"og:locale\" content=\"es_ES\" \/>\n<meta property=\"og:type\" content=\"article\" \/>\n<meta property=\"og:title\" content=\"Compensa tu huella de Carbono\" \/>\n<meta property=\"og:description\" content=\"Compensa tu huella de Carbono. Kits de Compensaci\u00f3n Ambiental Caja x 8 Arbolitos Nativos con alto valor ecosist\u00e9mico y listos para trasplante.\" \/>\n<meta property=\"og:url\" content=\"https:\/\/eco-regalos.com\/Colombia\/compensa-tu-huella-de-carbono\/\" \/>\n<meta property=\"og:site_name\" content=\"Productos Germinables y papel semilla\" \/>\n<meta property=\"article:modified_time\" content=\"2026-03-02T00:49:30+00:00\" \/>\n<meta property=\"og:image\" content=\"https:\/\/eco-regalos.com\/Colombia\/wp-content\/uploads\/2026\/03\/reforestacion-01.jpg\" \/>\n<meta name=\"twitter:card\" content=\"summary_large_image\" \/>\n<meta name=\"twitter:label1\" content=\"Tiempo de lectura\" \/>\n\t<meta name=\"twitter:data1\" content=\"2 minutos\" \/>\n<script type=\"application\/ld+json\" class=\"yoast-schema-graph\">{\"@context\":\"https:\\\/\\\/schema.org\",\"@graph\":[{\"@type\":\"WebPage\",\"@id\":\"https:\\\/\\\/eco-regalos.com\\\/Colombia\\\/compensa-tu-huella-de-carbono\\\/\",\"url\":\"https:\\\/\\\/eco-regalos.com\\\/Colombia\\\/compensa-tu-huella-de-carbono\\\/\",\"name\":\"Compensa tu huella de Carbono\",\"isPartOf\":{\"@id\":\"https:\\\/\\\/eco-regalos.com\\\/Colombia\\\/#website\"},\"primaryImageOfPage\":{\"@id\":\"https:\\\/\\\/eco-regalos.com\\\/Colombia\\\/compensa-tu-huella-de-carbono\\\/#primaryimage\"},\"image\":{\"@id\":\"https:\\\/\\\/eco-regalos.com\\\/Colombia\\\/compensa-tu-huella-de-carbono\\\/#primaryimage\"},\"thumbnailUrl\":\"https:\\\/\\\/eco-regalos.com\\\/Colombia\\\/wp-content\\\/uploads\\\/2026\\\/03\\\/reforestacion-01.jpg\",\"datePublished\":\"2026-03-01T23:59:16+00:00\",\"dateModified\":\"2026-03-02T00:49:30+00:00\",\"description\":\"Compensa tu huella de Carbono. Kits de Compensaci\u00f3n Ambiental Caja x 8 Arbolitos Nativos con alto valor ecosist\u00e9mico y listos para trasplante.\",\"breadcrumb\":{\"@id\":\"https:\\\/\\\/eco-regalos.com\\\/Colombia\\\/compensa-tu-huella-de-carbono\\\/#breadcrumb\"},\"inLanguage\":\"es\",\"potentialAction\":[{\"@type\":\"ReadAction\",\"target\":[\"https:\\\/\\\/eco-regalos.com\\\/Colombia\\\/compensa-tu-huella-de-carbono\\\/\"]}]},{\"@type\":\"ImageObject\",\"inLanguage\":\"es\",\"@id\":\"https:\\\/\\\/eco-regalos.com\\\/Colombia\\\/compensa-tu-huella-de-carbono\\\/#primaryimage\",\"url\":\"https:\\\/\\\/eco-regalos.com\\\/Colombia\\\/wp-content\\\/uploads\\\/2026\\\/03\\\/reforestacion-01.jpg\",\"contentUrl\":\"https:\\\/\\\/eco-regalos.com\\\/Colombia\\\/wp-content\\\/uploads\\\/2026\\\/03\\\/reforestacion-01.jpg\",\"width\":741,\"height\":494},{\"@type\":\"BreadcrumbList\",\"@id\":\"https:\\\/\\\/eco-regalos.com\\\/Colombia\\\/compensa-tu-huella-de-carbono\\\/#breadcrumb\",\"itemListElement\":[{\"@type\":\"ListItem\",\"position\":1,\"name\":\"Portada\",\"item\":\"https:\\\/\\\/eco-regalos.com\\\/Colombia\\\/\"},{\"@type\":\"ListItem\",\"position\":2,\"name\":\"Compensa tu huella de Carbono\"}]},{\"@type\":\"WebSite\",\"@id\":\"https:\\\/\\\/eco-regalos.com\\\/Colombia\\\/#website\",\"url\":\"https:\\\/\\\/eco-regalos.com\\\/Colombia\\\/\",\"name\":\"Eco Regalos - Merchandising Ecol\u00f3gico\",\"description\":\"\",\"publisher\":{\"@id\":\"https:\\\/\\\/eco-regalos.com\\\/Colombia\\\/#organization\"},\"alternateName\":\"eco-regalos.com\",\"potentialAction\":[{\"@type\":\"SearchAction\",\"target\":{\"@type\":\"EntryPoint\",\"urlTemplate\":\"https:\\\/\\\/eco-regalos.com\\\/Colombia\\\/?s={search_term_string}\"},\"query-input\":{\"@type\":\"PropertyValueSpecification\",\"valueRequired\":true,\"valueName\":\"search_term_string\"}}],\"inLanguage\":\"es\"},{\"@type\":[\"Organization\",\"Place\"],\"@id\":\"https:\\\/\\\/eco-regalos.com\\\/Colombia\\\/#organization\",\"name\":\"Eco Regalos\",\"url\":\"https:\\\/\\\/eco-regalos.com\\\/Colombia\\\/\",\"logo\":{\"@id\":\"https:\\\/\\\/eco-regalos.com\\\/Colombia\\\/compensa-tu-huella-de-carbono\\\/#local-main-organization-logo\"},\"image\":{\"@id\":\"https:\\\/\\\/eco-regalos.com\\\/Colombia\\\/compensa-tu-huella-de-carbono\\\/#local-main-organization-logo\"},\"telephone\":[],\"openingHoursSpecification\":[{\"@type\":\"OpeningHoursSpecification\",\"dayOfWeek\":[\"Sunday\",\"Monday\",\"Tuesday\",\"Wednesday\",\"Thursday\",\"Friday\",\"Saturday\"],\"opens\":\"09:00\",\"closes\":\"17:00\"}]},{\"@type\":\"ImageObject\",\"inLanguage\":\"es\",\"@id\":\"https:\\\/\\\/eco-regalos.com\\\/Colombia\\\/compensa-tu-huella-de-carbono\\\/#local-main-organization-logo\",\"url\":\"https:\\\/\\\/eco-regalos.com\\\/Colombia\\\/wp-content\\\/uploads\\\/2020\\\/08\\\/logo-2015-con-slogan.jpg\",\"contentUrl\":\"https:\\\/\\\/eco-regalos.com\\\/Colombia\\\/wp-content\\\/uploads\\\/2020\\\/08\\\/logo-2015-con-slogan.jpg\",\"width\":1461,\"height\":1121,\"caption\":\"Eco Regalos\"}]}<\/script>\n<!-- \/ Yoast SEO Premium plugin. -->","yoast_head_json":{"title":"Compensa tu huella de Carbono","description":"Compensa tu huella de Carbono. Kits de Compensaci\u00f3n Ambiental Caja x 8 Arbolitos Nativos con alto valor ecosist\u00e9mico y listos para trasplante.","robots":{"index":"index","follow":"follow","max-snippet":"max-snippet:-1","max-image-preview":"max-image-preview:large","max-video-preview":"max-video-preview:-1"},"canonical":"https:\/\/eco-regalos.com\/Colombia\/compensa-tu-huella-de-carbono\/","og_locale":"es_ES","og_type":"article","og_title":"Compensa tu huella de Carbono","og_description":"Compensa tu huella de Carbono. Kits de Compensaci\u00f3n Ambiental Caja x 8 Arbolitos Nativos con alto valor ecosist\u00e9mico y listos para trasplante.","og_url":"https:\/\/eco-regalos.com\/Colombia\/compensa-tu-huella-de-carbono\/","og_site_name":"Productos Germinables y papel semilla","article_modified_time":"2026-03-02T00:49:30+00:00","og_image":[{"url":"https:\/\/eco-regalos.com\/Colombia\/wp-content\/uploads\/2026\/03\/reforestacion-01.jpg","type":"","width":"","height":""}],"twitter_card":"summary_large_image","twitter_misc":{"Tiempo de lectura":"2 minutos"},"schema":{"@context":"https:\/\/schema.org","@graph":[{"@type":"WebPage","@id":"https:\/\/eco-regalos.com\/Colombia\/compensa-tu-huella-de-carbono\/","url":"https:\/\/eco-regalos.com\/Colombia\/compensa-tu-huella-de-carbono\/","name":"Compensa tu huella de Carbono","isPartOf":{"@id":"https:\/\/eco-regalos.com\/Colombia\/#website"},"primaryImageOfPage":{"@id":"https:\/\/eco-regalos.com\/Colombia\/compensa-tu-huella-de-carbono\/#primaryimage"},"image":{"@id":"https:\/\/eco-regalos.com\/Colombia\/compensa-tu-huella-de-carbono\/#primaryimage"},"thumbnailUrl":"https:\/\/eco-regalos.com\/Colombia\/wp-content\/uploads\/2026\/03\/reforestacion-01.jpg","datePublished":"2026-03-01T23:59:16+00:00","dateModified":"2026-03-02T00:49:30+00:00","description":"Compensa tu huella de Carbono. Kits de Compensaci\u00f3n Ambiental Caja x 8 Arbolitos Nativos con alto valor ecosist\u00e9mico y listos para trasplante.","breadcrumb":{"@id":"https:\/\/eco-regalos.com\/Colombia\/compensa-tu-huella-de-carbono\/#breadcrumb"},"inLanguage":"es","potentialAction":[{"@type":"ReadAction","target":["https:\/\/eco-regalos.com\/Colombia\/compensa-tu-huella-de-carbono\/"]}]},{"@type":"ImageObject","inLanguage":"es","@id":"https:\/\/eco-regalos.com\/Colombia\/compensa-tu-huella-de-carbono\/#primaryimage","url":"https:\/\/eco-regalos.com\/Colombia\/wp-content\/uploads\/2026\/03\/reforestacion-01.jpg","contentUrl":"https:\/\/eco-regalos.com\/Colombia\/wp-content\/uploads\/2026\/03\/reforestacion-01.jpg","width":741,"height":494},{"@type":"BreadcrumbList","@id":"https:\/\/eco-regalos.com\/Colombia\/compensa-tu-huella-de-carbono\/#breadcrumb","itemListElement":[{"@type":"ListItem","position":1,"name":"Portada","item":"https:\/\/eco-regalos.com\/Colombia\/"},{"@type":"ListItem","position":2,"name":"Compensa tu huella de Carbono"}]},{"@type":"WebSite","@id":"https:\/\/eco-regalos.com\/Colombia\/#website","url":"https:\/\/eco-regalos.com\/Colombia\/","name":"Eco Regalos - Merchandising Ecol\u00f3gico","description":"","publisher":{"@id":"https:\/\/eco-regalos.com\/Colombia\/#organization"},"alternateName":"eco-regalos.com","potentialAction":[{"@type":"SearchAction","target":{"@type":"EntryPoint","urlTemplate":"https:\/\/eco-regalos.com\/Colombia\/?s={search_term_string}"},"query-input":{"@type":"PropertyValueSpecification","valueRequired":true,"valueName":"search_term_string"}}],"inLanguage":"es"},{"@type":["Organization","Place"],"@id":"https:\/\/eco-regalos.com\/Colombia\/#organization","name":"Eco Regalos","url":"https:\/\/eco-regalos.com\/Colombia\/","logo":{"@id":"https:\/\/eco-regalos.com\/Colombia\/compensa-tu-huella-de-carbono\/#local-main-organization-logo"},"image":{"@id":"https:\/\/eco-regalos.com\/Colombia\/compensa-tu-huella-de-carbono\/#local-main-organization-logo"},"telephone":[],"openingHoursSpecification":[{"@type":"OpeningHoursSpecification","dayOfWeek":["Sunday","Monday","Tuesday","Wednesday","Thursday","Friday","Saturday"],"opens":"09:00","closes":"17:00"}]},{"@type":"ImageObject","inLanguage":"es","@id":"https:\/\/eco-regalos.com\/Colombia\/compensa-tu-huella-de-carbono\/#local-main-organization-logo","url":"https:\/\/eco-regalos.com\/Colombia\/wp-content\/uploads\/2020\/08\/logo-2015-con-slogan.jpg","contentUrl":"https:\/\/eco-regalos.com\/Colombia\/wp-content\/uploads\/2020\/08\/logo-2015-con-slogan.jpg","width":1461,"height":1121,"caption":"Eco Regalos"}]}},"_links":{"self":[{"href":"https:\/\/eco-regalos.com\/Colombia\/wp-json\/wp\/v2\/pages\/9452","targetHints":{"allow":["GET"]}}],"collection":[{"href":"https:\/\/eco-regalos.com\/Colombia\/wp-json\/wp\/v2\/pages"}],"about":[{"href":"https:\/\/eco-regalos.com\/Colombia\/wp-json\/wp\/v2\/types\/page"}],"author":[{"embeddable":true,"href":"https:\/\/eco-regalos.com\/Colombia\/wp-json\/wp\/v2\/users\/1"}],"replies":[{"embeddable":true,"href":"https:\/\/eco-regalos.com\/Colombia\/wp-json\/wp\/v2\/comments?post=9452"}],"version-history":[{"count":9,"href":"https:\/\/eco-regalos.com\/Colombia\/wp-json\/wp\/v2\/pages\/9452\/revisions"}],"predecessor-version":[{"id":9475,"href":"https:\/\/eco-regalos.com\/Colombia\/wp-json\/wp\/v2\/pages\/9452\/revisions\/9475"}],"wp:attachment":[{"href":"https:\/\/eco-regalos.com\/Colombia\/wp-json\/wp\/v2\/media?parent=9452"}],"curies":[{"name":"wp","href":"https:\/\/api.w.org\/{rel}","templated":true}]}}