{"id":2324,"date":"2020-07-28T11:07:25","date_gmt":"2020-07-28T16:07:25","guid":{"rendered":"http:\/\/eco-regalos.com\/colombia\/?post_type=product&#038;p=2324"},"modified":"2026-02-23T09:50:46","modified_gmt":"2026-02-23T14:50:46","slug":"calendario-germinable-para-merchandising-y-eventos-corporativos","status":"publish","type":"product","link":"https:\/\/eco-regalos.com\/Colombia\/producto\/calendario-germinable-para-merchandising-y-eventos-corporativos\/","title":{"rendered":"Calendario germinable para escritorio Tama\u00f1o 9.0 X 5.0 cm"},"content":{"rendered":"<h4><strong>Calendario <\/strong><strong>germinable <\/strong><strong>eco regalos\u00ae <\/strong><strong>para merchandising.<\/strong><\/h4>\n<p><strong>Calendario ecol\u00f3gico<\/strong> germinable para merchandising en el que permanece visible su marca durante todo el a\u00f1o.<\/p>\n<p>El calendario germinable incluye un soporte para visualizar cada mes.<\/p>\n<p>Al finalizar el mes se siembra y germina plantas.<\/p>\n<h5>Calendarios ecol\u00f3gicos eco regalos\u00ae.<\/h5>\n<p>El <b>calendario ecol\u00f3gico sembrable<\/b> aporta ox\u00edgeno y una experiencia ecol\u00f3gica por mes.\u00a0 El regalo se multiplica y se recuerda de forma permanente.<\/p>\n<p>Cada mes germina una planta diferente, de esta manera al finalizar el a\u00f1o, aparte de cosechar muchos proyectos y \u00e9xitos, vas a cosechar una huerta, un jard\u00edn y unos lindos bons\u00e1i.<\/p>\n<p>Siembra cada mes y cosecha todo el a\u00f1o.<\/p>\n<p>Ideal para campa\u00f1as de merchandising y de responsabilidad.<\/p>\n<p>El calendario deja de ser basura y se transforma en 12 plantas llenas de experiencia y aprendizaje acerca de la naturaleza.<\/p>\n<figure id=\"attachment_4233\" aria-describedby=\"caption-attachment-4233\" style=\"width: 300px\" class=\"wp-caption aligncenter\"><a href=\"https:\/\/eco-regalos.com\/movil\/wp-content\/uploads\/2020\/07\/calendario_germinable1-1.jpg\"><img loading=\"lazy\" decoding=\"async\" loading=\"lazy\" class=\"eco-fade-img\" class=\"wp-image-4233 size-medium\" src=\"https:\/\/eco-regalos.com\/movil\/wp-content\/uploads\/2020\/07\/calendario_germinable1-1-300x225.jpg\" alt=\"Calendario mes x mes\" width=\"300\" height=\"225\" srcset=\"https:\/\/eco-regalos.com\/Colombia\/wp-content\/uploads\/2020\/07\/calendario_germinable1-1-300x225.jpg 300w, https:\/\/eco-regalos.com\/Colombia\/wp-content\/uploads\/2020\/07\/calendario_germinable1-1-213x160.jpg 213w, https:\/\/eco-regalos.com\/Colombia\/wp-content\/uploads\/2020\/07\/calendario_germinable1-1.jpg 400w\" sizes=\"auto, (max-width: 300px) 100vw, 300px\" \/><\/a><figcaption id=\"caption-attachment-4233\" class=\"wp-caption-text\">Regalos Ecologicos Corporativos<\/figcaption><\/figure>\n<p><img loading=\"lazy\" decoding=\"async\" width=\"300\" height=\"225\" loading=\"lazy\" class=\"eco-fade-img\" class=\"wp-image-4363 size-medium aligncenter\" src=\"https:\/\/eco-regalos.com\/movil\/wp-content\/uploads\/2020\/07\/calendario_turismo1-300x225.jpg\" alt=\"&quot;&lt;yoastmark\" srcset=\"https:\/\/eco-regalos.com\/Colombia\/wp-content\/uploads\/2020\/07\/calendario_turismo1-300x225.jpg 300w, https:\/\/eco-regalos.com\/Colombia\/wp-content\/uploads\/2020\/07\/calendario_turismo1-213x160.jpg 213w, https:\/\/eco-regalos.com\/Colombia\/wp-content\/uploads\/2020\/07\/calendario_turismo1.jpg 400w\" sizes=\"auto, (max-width: 300px) 100vw, 300px\" \/><\/p>\n<h5><strong>Calendario ecol\u00f3gico<\/strong> germinable para merchandising:<\/h5>\n<p><strong>Tama\u00f1o de cada hoja:<\/strong>\u00a0 9.0 cm x 5.0 cm<\/p>\n<ul>\n<li>1 hoja con dise\u00f1o personalizado x mes<\/li>\n<li>12 hojas personalizadas full color por un lado.<\/li>\n<li>El tama\u00f1o del espacio gr\u00e1fico de personalizaci\u00f3n es: 7.5 cm x 5.5 cm.<\/li>\n<li>La hoja se siembra completamente.<\/li>\n<li>Una especie diferente x mes<\/li>\n<li><\/li>\n<\/ul>\n<h5><strong>Calendario ecol\u00f3gico<\/strong> germinable para merchandising<\/h5>\n<p><b>Personalizaci\u00f3n<\/b>:<\/p>\n<ul>\n<li>Se personaliza cada hoja del calendario ecol\u00f3gico en el frente para un total de 12 dise\u00f1os diferentes.<\/li>\n<li>El tama\u00f1o editable o espacio gr\u00e1fico de personalizaci\u00f3n es: 7.5 cm\u00a0 x\u00a0 5.5 cm.<\/li>\n<li>Enviamos una gu\u00eda de dise\u00f1o para la elaboraci\u00f3n del arte.<\/li>\n<li><\/li>\n<\/ul>\n<p><strong>Especies disponibles:<\/strong><\/p>\n<ul>\n<li>\u00c1rboles: Guayac\u00e1n, pino y acacia.<\/li>\n<li>Huerta: Tomate, lechuga, cebolla, cilantro, albahaca.<\/li>\n<li><\/li>\n<li>Las especies se distribuyen en 12 meses del a\u00f1o para que disfrutes de una linda experiencia durante todo ese tiempo. La marca se va a recordar de manera positiva.<\/li>\n<li><\/li>\n<\/ul>\n<p>Este calendario est\u00e1 disponible en<strong>\u00a0<a href=\"https:\/\/eco-regalos.com\/movil\/producto\/calendario-germinable-personalizado-para-ubicar-en-el-escritorio\/\">tama\u00f1o 10.0 cm x 13.0 cm :<\/a>\u00a0\u00a0<\/strong><\/p>\n<p><strong><a href=\"http:\/\/caem.org.co\/ConveniosCARCAEM\/huellacarbono\/\">Te invitamos a cuidar el planeta, haz clic y calcula tu huella de carbono para que cada d\u00eda la reduzcas con conciencia.<\/a><\/strong><\/p>\n<p>&nbsp;<\/p>\n","protected":false},"excerpt":{"rendered":"<p>Consulta precio al por mayor a partir de 500 unidades.<\/p>\n<p><strong>Calendario germinable<\/strong> en el que permanece visible su marca durante todo el a\u00f1o.<\/p>\n<p>El <strong>calendario eco regalos\u00ae<\/strong> incluye un soporte para visualizar cada mes.\u00a0 Al finalizar el mes se siembra y germina plantas.<\/p>\n<p>Cada mes germina una planta diferente, de esta manera al finalizar el a\u00f1o, aparte de cosechar muchos proyectos y \u00e9xitos, vas a cosechar una huerta, un jard\u00edn y unos lindos bons\u00e1i.<\/p>\n<p><img fetchpriority=\"high\" decoding=\"async\" class=\"aligncenter wp-image-2339 size-full\" src=\"https:\/\/eco-regalos.com\/movil\/wp-content\/uploads\/2020\/07\/calendario_plantable7-1.jpg\" alt=\"\" width=\"400\" height=\"303\" srcset=\"https:\/\/eco-regalos.com\/Colombia\/wp-content\/uploads\/2020\/07\/calendario_plantable7-1.jpg 400w, https:\/\/eco-regalos.com\/Colombia\/wp-content\/uploads\/2020\/07\/calendario_plantable7-1-300x227.jpg 300w\" sizes=\"(max-width: 400px) 100vw, 400px\" \/><\/p>\n<p><strong>Tama\u00f1o de cada hoja:<\/strong>\u00a0 9 cm x 5 cm<\/p>\n<p>1 hoja con dise\u00f1o personalizado x mes<\/p>\n<p>12 hojas personalizadas full color por un lado.<\/p>\n","protected":false},"featured_media":7284,"comment_status":"open","ping_status":"closed","template":"","meta":{"_sitemap_exclude":false,"_sitemap_priority":"","_sitemap_frequency":""},"product_brand":[],"product_cat":[579],"product_tag":[],"class_list":{"0":"post-2324","1":"product","2":"type-product","3":"status-publish","4":"has-post-thumbnail","6":"product_cat-papel-semilla","8":"first","9":"instock","10":"taxable","11":"shipping-taxable","12":"purchasable","13":"product-type-simple"},"yoast_head":"<!-- This site is optimized with the Yoast SEO Premium plugin v27.4 (Yoast SEO v27.4) - https:\/\/yoast.com\/product\/yoast-seo-premium-wordpress\/ -->\n<title>Calendario germinable para merchandising y eventos<\/title>\n<meta name=\"description\" content=\"Calendario germinable para merchandising y eventos corporativos. Calendarios ecol\u00f3gicos para sembrar cada mes. 12 hojas semilla. eco regalos\u00ae\" \/>\n<meta name=\"robots\" content=\"index, follow, max-snippet:-1, max-image-preview:large, max-video-preview:-1\" \/>\n<link rel=\"canonical\" href=\"https:\/\/eco-regalos.com\/Colombia\/producto\/calendario-germinable-para-merchandising-y-eventos-corporativos\/\" \/>\n<meta property=\"og:locale\" content=\"es_ES\" \/>\n<meta property=\"og:type\" content=\"article\" \/>\n<meta property=\"og:title\" content=\"Calendario sembrable y germinable personalizado\" \/>\n<meta property=\"og:description\" content=\"Calendario para escritorio elaborado en papel semilla para sembrar y germinar \u00e1rboles y huertas. Tamano 9.0 x 5.0 cm.\" \/>\n<meta property=\"og:url\" content=\"https:\/\/eco-regalos.com\/Colombia\/producto\/calendario-germinable-para-merchandising-y-eventos-corporativos\/\" \/>\n<meta property=\"og:site_name\" content=\"Productos Germinables y papel semilla\" \/>\n<meta property=\"article:modified_time\" content=\"2026-02-23T14:50:46+00:00\" \/>\n<meta property=\"og:image\" content=\"https:\/\/eco-regalos.com\/Colombia\/wp-content\/uploads\/2026\/02\/Calendario-ecologico-sembrable-escritorio-pequeno-01.jpg\" \/>\n\t<meta property=\"og:image:width\" content=\"2500\" \/>\n\t<meta property=\"og:image:height\" content=\"2500\" \/>\n\t<meta property=\"og:image:type\" content=\"image\/jpeg\" \/>\n<meta name=\"twitter:card\" content=\"summary_large_image\" \/>\n<meta name=\"twitter:title\" content=\"Calendario sembrable y germinable personalizado\" \/>\n<meta name=\"twitter:description\" content=\"Calendario para escritorio elaborado en papel semilla para sembrar y germinar \u00e1rboles y huertas. Tamano 9.0 x 5.0 cm.\" \/>\n<meta name=\"twitter:image\" content=\"https:\/\/eco-regalos.com\/Colombia\/wp-content\/uploads\/2020\/07\/calendario_plantable7-2.jpg\" \/>\n<meta name=\"twitter:label1\" content=\"Tiempo de lectura\" \/>\n\t<meta name=\"twitter:data1\" content=\"3 minutos\" \/>\n<script type=\"application\/ld+json\" class=\"yoast-schema-graph\">{\"@context\":\"https:\\\/\\\/schema.org\",\"@graph\":[{\"@type\":\"WebPage\",\"@id\":\"https:\\\/\\\/eco-regalos.com\\\/Colombia\\\/producto\\\/calendario-germinable-para-merchandising-y-eventos-corporativos\\\/\",\"url\":\"https:\\\/\\\/eco-regalos.com\\\/Colombia\\\/producto\\\/calendario-germinable-para-merchandising-y-eventos-corporativos\\\/\",\"name\":\"Calendario germinable para merchandising y eventos\",\"isPartOf\":{\"@id\":\"https:\\\/\\\/eco-regalos.com\\\/Colombia\\\/#website\"},\"primaryImageOfPage\":{\"@id\":\"https:\\\/\\\/eco-regalos.com\\\/Colombia\\\/producto\\\/calendario-germinable-para-merchandising-y-eventos-corporativos\\\/#primaryimage\"},\"image\":{\"@id\":\"https:\\\/\\\/eco-regalos.com\\\/Colombia\\\/producto\\\/calendario-germinable-para-merchandising-y-eventos-corporativos\\\/#primaryimage\"},\"thumbnailUrl\":\"https:\\\/\\\/eco-regalos.com\\\/Colombia\\\/wp-content\\\/uploads\\\/2026\\\/02\\\/Calendario-ecologico-sembrable-escritorio-pequeno-01.jpg\",\"datePublished\":\"2020-07-28T16:07:25+00:00\",\"dateModified\":\"2026-02-23T14:50:46+00:00\",\"description\":\"Calendario germinable para merchandising y eventos corporativos. Calendarios ecol\u00f3gicos para sembrar cada mes. 12 hojas semilla. eco regalos\u00ae\",\"breadcrumb\":{\"@id\":\"https:\\\/\\\/eco-regalos.com\\\/Colombia\\\/producto\\\/calendario-germinable-para-merchandising-y-eventos-corporativos\\\/#breadcrumb\"},\"inLanguage\":\"es\",\"potentialAction\":[{\"@type\":\"ReadAction\",\"target\":[\"https:\\\/\\\/eco-regalos.com\\\/Colombia\\\/producto\\\/calendario-germinable-para-merchandising-y-eventos-corporativos\\\/\"]}]},{\"@type\":\"ImageObject\",\"inLanguage\":\"es\",\"@id\":\"https:\\\/\\\/eco-regalos.com\\\/Colombia\\\/producto\\\/calendario-germinable-para-merchandising-y-eventos-corporativos\\\/#primaryimage\",\"url\":\"https:\\\/\\\/eco-regalos.com\\\/Colombia\\\/wp-content\\\/uploads\\\/2026\\\/02\\\/Calendario-ecologico-sembrable-escritorio-pequeno-01.jpg\",\"contentUrl\":\"https:\\\/\\\/eco-regalos.com\\\/Colombia\\\/wp-content\\\/uploads\\\/2026\\\/02\\\/Calendario-ecologico-sembrable-escritorio-pequeno-01.jpg\",\"width\":2500,\"height\":2500},{\"@type\":\"BreadcrumbList\",\"@id\":\"https:\\\/\\\/eco-regalos.com\\\/Colombia\\\/producto\\\/calendario-germinable-para-merchandising-y-eventos-corporativos\\\/#breadcrumb\",\"itemListElement\":[{\"@type\":\"ListItem\",\"position\":1,\"name\":\"Portada\",\"item\":\"https:\\\/\\\/eco-regalos.com\\\/Colombia\\\/\"},{\"@type\":\"ListItem\",\"position\":2,\"name\":\"Productos germinables para campa\u00f1as ambientalmente responsables\",\"item\":\"https:\\\/\\\/eco-regalos.com\\\/Colombia\\\/catalogo_eco_regalos\\\/\"},{\"@type\":\"ListItem\",\"position\":3,\"name\":\"Calendario germinable para escritorio Tama\u00f1o 9.0 X 5.0 cm\"}]},{\"@type\":\"WebSite\",\"@id\":\"https:\\\/\\\/eco-regalos.com\\\/Colombia\\\/#website\",\"url\":\"https:\\\/\\\/eco-regalos.com\\\/Colombia\\\/\",\"name\":\"Eco Regalos - Merchandising Ecol\u00f3gico\",\"description\":\"\",\"publisher\":{\"@id\":\"https:\\\/\\\/eco-regalos.com\\\/Colombia\\\/#organization\"},\"alternateName\":\"eco-regalos.com\",\"potentialAction\":[{\"@type\":\"SearchAction\",\"target\":{\"@type\":\"EntryPoint\",\"urlTemplate\":\"https:\\\/\\\/eco-regalos.com\\\/Colombia\\\/?s={search_term_string}\"},\"query-input\":{\"@type\":\"PropertyValueSpecification\",\"valueRequired\":true,\"valueName\":\"search_term_string\"}}],\"inLanguage\":\"es\"},{\"@type\":[\"Organization\",\"Place\"],\"@id\":\"https:\\\/\\\/eco-regalos.com\\\/Colombia\\\/#organization\",\"name\":\"Eco Regalos\",\"url\":\"https:\\\/\\\/eco-regalos.com\\\/Colombia\\\/\",\"logo\":{\"@id\":\"https:\\\/\\\/eco-regalos.com\\\/Colombia\\\/producto\\\/calendario-germinable-para-merchandising-y-eventos-corporativos\\\/#local-main-organization-logo\"},\"image\":{\"@id\":\"https:\\\/\\\/eco-regalos.com\\\/Colombia\\\/producto\\\/calendario-germinable-para-merchandising-y-eventos-corporativos\\\/#local-main-organization-logo\"},\"telephone\":[],\"openingHoursSpecification\":[{\"@type\":\"OpeningHoursSpecification\",\"dayOfWeek\":[\"Sunday\",\"Monday\",\"Tuesday\",\"Wednesday\",\"Thursday\",\"Friday\",\"Saturday\"],\"opens\":\"09:00\",\"closes\":\"17:00\"}]},{\"@type\":\"ImageObject\",\"inLanguage\":\"es\",\"@id\":\"https:\\\/\\\/eco-regalos.com\\\/Colombia\\\/producto\\\/calendario-germinable-para-merchandising-y-eventos-corporativos\\\/#local-main-organization-logo\",\"url\":\"https:\\\/\\\/eco-regalos.com\\\/Colombia\\\/wp-content\\\/uploads\\\/2020\\\/08\\\/logo-2015-con-slogan.jpg\",\"contentUrl\":\"https:\\\/\\\/eco-regalos.com\\\/Colombia\\\/wp-content\\\/uploads\\\/2020\\\/08\\\/logo-2015-con-slogan.jpg\",\"width\":1461,\"height\":1121,\"caption\":\"Eco Regalos\"}]}<\/script>\n<!-- \/ Yoast SEO Premium plugin. -->","yoast_head_json":{"title":"Calendario germinable para merchandising y eventos","description":"Calendario germinable para merchandising y eventos corporativos. Calendarios ecol\u00f3gicos para sembrar cada mes. 12 hojas semilla. eco regalos\u00ae","robots":{"index":"index","follow":"follow","max-snippet":"max-snippet:-1","max-image-preview":"max-image-preview:large","max-video-preview":"max-video-preview:-1"},"canonical":"https:\/\/eco-regalos.com\/Colombia\/producto\/calendario-germinable-para-merchandising-y-eventos-corporativos\/","og_locale":"es_ES","og_type":"article","og_title":"Calendario sembrable y germinable personalizado","og_description":"Calendario para escritorio elaborado en papel semilla para sembrar y germinar \u00e1rboles y huertas. Tamano 9.0 x 5.0 cm.","og_url":"https:\/\/eco-regalos.com\/Colombia\/producto\/calendario-germinable-para-merchandising-y-eventos-corporativos\/","og_site_name":"Productos Germinables y papel semilla","article_modified_time":"2026-02-23T14:50:46+00:00","og_image":[{"width":2500,"height":2500,"url":"https:\/\/eco-regalos.com\/Colombia\/wp-content\/uploads\/2026\/02\/Calendario-ecologico-sembrable-escritorio-pequeno-01.jpg","type":"image\/jpeg"}],"twitter_card":"summary_large_image","twitter_title":"Calendario sembrable y germinable personalizado","twitter_description":"Calendario para escritorio elaborado en papel semilla para sembrar y germinar \u00e1rboles y huertas. Tamano 9.0 x 5.0 cm.","twitter_image":"https:\/\/eco-regalos.com\/Colombia\/wp-content\/uploads\/2020\/07\/calendario_plantable7-2.jpg","twitter_misc":{"Tiempo de lectura":"3 minutos"},"schema":{"@context":"https:\/\/schema.org","@graph":[{"@type":"WebPage","@id":"https:\/\/eco-regalos.com\/Colombia\/producto\/calendario-germinable-para-merchandising-y-eventos-corporativos\/","url":"https:\/\/eco-regalos.com\/Colombia\/producto\/calendario-germinable-para-merchandising-y-eventos-corporativos\/","name":"Calendario germinable para merchandising y eventos","isPartOf":{"@id":"https:\/\/eco-regalos.com\/Colombia\/#website"},"primaryImageOfPage":{"@id":"https:\/\/eco-regalos.com\/Colombia\/producto\/calendario-germinable-para-merchandising-y-eventos-corporativos\/#primaryimage"},"image":{"@id":"https:\/\/eco-regalos.com\/Colombia\/producto\/calendario-germinable-para-merchandising-y-eventos-corporativos\/#primaryimage"},"thumbnailUrl":"https:\/\/eco-regalos.com\/Colombia\/wp-content\/uploads\/2026\/02\/Calendario-ecologico-sembrable-escritorio-pequeno-01.jpg","datePublished":"2020-07-28T16:07:25+00:00","dateModified":"2026-02-23T14:50:46+00:00","description":"Calendario germinable para merchandising y eventos corporativos. Calendarios ecol\u00f3gicos para sembrar cada mes. 12 hojas semilla. eco regalos\u00ae","breadcrumb":{"@id":"https:\/\/eco-regalos.com\/Colombia\/producto\/calendario-germinable-para-merchandising-y-eventos-corporativos\/#breadcrumb"},"inLanguage":"es","potentialAction":[{"@type":"ReadAction","target":["https:\/\/eco-regalos.com\/Colombia\/producto\/calendario-germinable-para-merchandising-y-eventos-corporativos\/"]}]},{"@type":"ImageObject","inLanguage":"es","@id":"https:\/\/eco-regalos.com\/Colombia\/producto\/calendario-germinable-para-merchandising-y-eventos-corporativos\/#primaryimage","url":"https:\/\/eco-regalos.com\/Colombia\/wp-content\/uploads\/2026\/02\/Calendario-ecologico-sembrable-escritorio-pequeno-01.jpg","contentUrl":"https:\/\/eco-regalos.com\/Colombia\/wp-content\/uploads\/2026\/02\/Calendario-ecologico-sembrable-escritorio-pequeno-01.jpg","width":2500,"height":2500},{"@type":"BreadcrumbList","@id":"https:\/\/eco-regalos.com\/Colombia\/producto\/calendario-germinable-para-merchandising-y-eventos-corporativos\/#breadcrumb","itemListElement":[{"@type":"ListItem","position":1,"name":"Portada","item":"https:\/\/eco-regalos.com\/Colombia\/"},{"@type":"ListItem","position":2,"name":"Productos germinables para campa\u00f1as ambientalmente responsables","item":"https:\/\/eco-regalos.com\/Colombia\/catalogo_eco_regalos\/"},{"@type":"ListItem","position":3,"name":"Calendario germinable para escritorio Tama\u00f1o 9.0 X 5.0 cm"}]},{"@type":"WebSite","@id":"https:\/\/eco-regalos.com\/Colombia\/#website","url":"https:\/\/eco-regalos.com\/Colombia\/","name":"Eco Regalos - Merchandising Ecol\u00f3gico","description":"","publisher":{"@id":"https:\/\/eco-regalos.com\/Colombia\/#organization"},"alternateName":"eco-regalos.com","potentialAction":[{"@type":"SearchAction","target":{"@type":"EntryPoint","urlTemplate":"https:\/\/eco-regalos.com\/Colombia\/?s={search_term_string}"},"query-input":{"@type":"PropertyValueSpecification","valueRequired":true,"valueName":"search_term_string"}}],"inLanguage":"es"},{"@type":["Organization","Place"],"@id":"https:\/\/eco-regalos.com\/Colombia\/#organization","name":"Eco Regalos","url":"https:\/\/eco-regalos.com\/Colombia\/","logo":{"@id":"https:\/\/eco-regalos.com\/Colombia\/producto\/calendario-germinable-para-merchandising-y-eventos-corporativos\/#local-main-organization-logo"},"image":{"@id":"https:\/\/eco-regalos.com\/Colombia\/producto\/calendario-germinable-para-merchandising-y-eventos-corporativos\/#local-main-organization-logo"},"telephone":[],"openingHoursSpecification":[{"@type":"OpeningHoursSpecification","dayOfWeek":["Sunday","Monday","Tuesday","Wednesday","Thursday","Friday","Saturday"],"opens":"09:00","closes":"17:00"}]},{"@type":"ImageObject","inLanguage":"es","@id":"https:\/\/eco-regalos.com\/Colombia\/producto\/calendario-germinable-para-merchandising-y-eventos-corporativos\/#local-main-organization-logo","url":"https:\/\/eco-regalos.com\/Colombia\/wp-content\/uploads\/2020\/08\/logo-2015-con-slogan.jpg","contentUrl":"https:\/\/eco-regalos.com\/Colombia\/wp-content\/uploads\/2020\/08\/logo-2015-con-slogan.jpg","width":1461,"height":1121,"caption":"Eco Regalos"}]}},"_links":{"self":[{"href":"https:\/\/eco-regalos.com\/Colombia\/wp-json\/wp\/v2\/product\/2324","targetHints":{"allow":["GET"]}}],"collection":[{"href":"https:\/\/eco-regalos.com\/Colombia\/wp-json\/wp\/v2\/product"}],"about":[{"href":"https:\/\/eco-regalos.com\/Colombia\/wp-json\/wp\/v2\/types\/product"}],"replies":[{"embeddable":true,"href":"https:\/\/eco-regalos.com\/Colombia\/wp-json\/wp\/v2\/comments?post=2324"}],"wp:featuredmedia":[{"embeddable":true,"href":"https:\/\/eco-regalos.com\/Colombia\/wp-json\/wp\/v2\/media\/7284"}],"wp:attachment":[{"href":"https:\/\/eco-regalos.com\/Colombia\/wp-json\/wp\/v2\/media?parent=2324"}],"wp:term":[{"taxonomy":"product_brand","embeddable":true,"href":"https:\/\/eco-regalos.com\/Colombia\/wp-json\/wp\/v2\/product_brand?post=2324"},{"taxonomy":"product_cat","embeddable":true,"href":"https:\/\/eco-regalos.com\/Colombia\/wp-json\/wp\/v2\/product_cat?post=2324"},{"taxonomy":"product_tag","embeddable":true,"href":"https:\/\/eco-regalos.com\/Colombia\/wp-json\/wp\/v2\/product_tag?post=2324"}],"curies":[{"name":"wp","href":"https:\/\/api.w.org\/{rel}","templated":true}]}}