{"id":5726,"date":"2024-02-06T13:41:49","date_gmt":"2024-02-06T18:41:49","guid":{"rendered":"http:\/\/eco-regalos.com\/colombia\/?post_type=product&#038;p=5726"},"modified":"2026-04-28T20:50:22","modified_gmt":"2026-04-29T01:50:22","slug":"kit-de-siembra-con-bolsa-de-yute-y-matera-de-coco","status":"publish","type":"product","link":"https:\/\/eco-regalos.com\/Colombia\/producto\/kit-de-siembra-con-bolsa-de-yute-y-matera-de-coco\/","title":{"rendered":"Kit de siembra con bolsa de yute y matera de coco."},"content":{"rendered":"<h4 class=\"otQkpb\" role=\"heading\" aria-level=\"3\" data-complete=\"true\" data-processed=\"true\"><strong class=\"Yjhzub\" data-complete=\"true\">Kit de Siembra con Matera de Coco y Bolsa de Yute: El Regalo Corporativo Sostenible.<\/strong><\/h4>\n<div class=\"Y3BBE\" data-sfc-cp=\"\" data-hveid=\"CAEIBBAA\" data-complete=\"true\" data-processed=\"true\">Ofrece un\u00a0<strong class=\"Yjhzub\" data-complete=\"true\" data-processed=\"true\">regalo corporativo<\/strong>\u00a0que garantiza resultados. Nuestro\u00a0<strong class=\"Yjhzub\" data-complete=\"true\" data-processed=\"true\">Kit de Siembra en Matera de Coco<\/strong>\u00a0es la soluci\u00f3n ideal de\u00a0<strong class=\"Yjhzub\" data-complete=\"true\" data-processed=\"true\">merchandising ecol\u00f3gico<\/strong>\u00a0que une dise\u00f1o, seguridad y un compromiso real con el medio ambiente.<\/div>\n<div class=\"Y3BBE\" data-sfc-cp=\"\" data-hveid=\"CAEIBBAA\" data-complete=\"true\" data-processed=\"true\">Dise\u00f1ado para que tus colaboradores y clientes cultiven vida en casa u oficina, asociando el crecimiento de una planta con los valores de tu marca.<\/div>\n<div data-sfc-cp=\"\" data-hveid=\"CAEIBBAA\" data-complete=\"true\" data-processed=\"true\"><\/div>\n<div data-sfc-cp=\"\" data-hveid=\"CAEIBBAA\" data-complete=\"true\" data-processed=\"true\">\n<h5 class=\"Y3BBE\" data-hveid=\"CAEIBxAA\" data-complete=\"true\" data-processed=\"true\"><strong class=\"Yjhzub\" data-complete=\"true\" data-processed=\"true\">Descripci\u00f3n Kit de Siembra:<\/strong><\/h5>\n<ul class=\"KsbFXc U6u95\" data-complete=\"true\" data-processed=\"true\">\n<li><span class=\"T286Pc\" data-sfc-cp=\"\" data-complete=\"true\">Bolsa de yute marcada a una tinta.<\/span><\/li>\n<li data-hveid=\"CAEICBAA\" data-complete=\"true\" data-sae=\"\"><span class=\"T286Pc\" data-sfc-cp=\"\" data-complete=\"true\">Matera org\u00e1nica de coco (6.5cm x 6.5cm).<\/span><\/li>\n<li data-hveid=\"CAEICBAB\" data-complete=\"true\" data-sae=\"\"><span class=\"T286Pc\" data-sfc-cp=\"\" data-complete=\"true\">Bolsa de sustrato de germinaci\u00f3n.<\/span><\/li>\n<li data-hveid=\"CAEICBAC\" data-complete=\"true\" data-sae=\"\"><span class=\"T286Pc\" data-sfc-cp=\"\" data-complete=\"true\">Ecogerminador con semillas de \u00e1rbol, flores o huerta (especie \u00fanica por pedido).<\/span><\/li>\n<li data-hveid=\"CAEICBAD\" data-complete=\"true\" data-sae=\"\">Cantidad m\u00ednima: 24 Unidades<\/li>\n<\/ul>\n<\/div>\n<div data-sfc-cp=\"\" data-hveid=\"CAEIBBAA\" data-complete=\"true\" data-processed=\"true\"><\/div>\n<h4 class=\"Y3BBE\" data-hveid=\"CAEIBRAA\" data-complete=\"true\" data-processed=\"true\"><strong class=\"Yjhzub\" data-complete=\"true\" data-processed=\"true\">Beneficios Estrat\u00e9gicos y de Marca <\/strong>del Kit de siembra eco-regalos<em>\u00ae<\/em><\/h4>\n<div data-sfc-cp=\"\" data-hveid=\"CAEIAxAA\" data-complete=\"true\" data-processed=\"true\" aria-owns=\"action-menu-parent-container\"><strong class=\"Yjhzub\" data-sfc-root=\"c\" data-sfc-cb=\"\" data-complete=\"true\">Semillas Pre-plantadas:<\/strong>\u00a0La semilla ya est\u00e1 en la posici\u00f3n ideal. No se mueve, no se va al fondo y siempre recibe la aireaci\u00f3n necesaria.<\/div>\n<div data-sfc-cp=\"\" data-hveid=\"CAEIAxAA\" data-complete=\"true\" data-processed=\"true\" aria-owns=\"action-menu-parent-container\">\n<ul class=\"KsbFXc U6u95\" data-sfc-root=\"c\" data-sfc-cb=\"\" data-complete=\"true\" data-processed=\"true\">\n<li data-sfc-root=\"c\" data-sfc-cb=\"\" data-hveid=\"CAEIBhAA\" data-complete=\"true\" data-sae=\"\"><span class=\"T286Pc\" data-sfc-cp=\"\" data-sfc-root=\"c\" data-sfc-cb=\"\" data-complete=\"true\"><strong class=\"Yjhzub\" data-sfc-root=\"c\" data-sfc-cb=\"\" data-complete=\"true\">Protecci\u00f3n Total:<\/strong>\u00a0El germinador protege la semilla de la luz, la humedad excesiva y el contacto externo que suelen arruinar el proceso.<\/span><\/li>\n<li data-sfc-root=\"c\" data-sfc-cb=\"\" data-hveid=\"CAEIBhAB\" data-complete=\"true\" data-sae=\"\"><span class=\"T286Pc\" data-sfc-cp=\"\" data-sfc-root=\"c\" data-sfc-cb=\"\" data-complete=\"true\"><strong class=\"Yjhzub\" data-sfc-root=\"c\" data-sfc-cb=\"\" data-complete=\"true\">Seguridad y Salud:<\/strong> El usuario no toca la semilla. Esto evita el contacto directo con fungicidas naturales y protege la semilla de la grasa o de los dedos.<\/span><\/li>\n<\/ul>\n<\/div>\n<ul class=\"KsbFXc U6u95\" data-complete=\"true\" data-processed=\"true\">\n<li data-hveid=\"CAEIBhAB\" data-complete=\"true\" data-sae=\"\"><span class=\"T286Pc\" data-sfc-cp=\"\" data-complete=\"true\"><strong class=\"Yjhzub\" data-complete=\"true\">Econom\u00eda Circular y Residuo Cero:<\/strong>\u00a0La matera de fibra natural de coco y la bolsa de yute son materiales\u00a0<strong class=\"Yjhzub\" data-complete=\"true\">100% biodegradables y compostables<\/strong>, alineando tu empresa con las mejores pr\u00e1cticas de sostenibilidad y tus informes de gesti\u00f3n ambiental.<\/span><\/li>\n<li data-hveid=\"CAEIBhAB\" data-complete=\"true\" data-sae=\"\"><span class=\"T286Pc\" data-sfc-cp=\"\" data-complete=\"true\"><strong class=\"Yjhzub\" data-complete=\"true\">Branding Verde:<\/strong> El empaque en yute marcado a una tinta convierte el kit en un embajador de tu marca, comunicando autenticidad y cuidado por el planeta.<\/span><\/li>\n<li data-hveid=\"CAEIBhAC\" data-complete=\"true\" data-sae=\"\"><\/li>\n<\/ul>\n<ul class=\"KsbFXc U6u95\" data-complete=\"true\" data-processed=\"true\">\n<li data-hveid=\"CAEICBAD\" data-complete=\"true\" data-sae=\"\"><\/li>\n<\/ul>\n<div class=\"Fsg96\" data-sfc-cp=\"\" data-complete=\"true\" data-processed=\"true\"><\/div>\n<figure id=\"attachment_5972\" aria-describedby=\"caption-attachment-5972\" style=\"width: 300px\" class=\"wp-caption aligncenter\"><img loading=\"lazy\" decoding=\"async\" loading=\"lazy\" class=\"eco-fade-img\" class=\"size-medium wp-image-5972\" src=\"https:\/\/eco-regalos.com\/movil\/wp-content\/uploads\/2024\/02\/kit_siembra_yute6-300x218.jpg\" alt=\"Kit de siembra\" width=\"300\" height=\"218\" srcset=\"https:\/\/eco-regalos.com\/Colombia\/wp-content\/uploads\/2024\/02\/kit_siembra_yute6-300x218.jpg 300w, https:\/\/eco-regalos.com\/Colombia\/wp-content\/uploads\/2024\/02\/kit_siembra_yute6.jpg 400w\" sizes=\"auto, (max-width: 300px) 100vw, 300px\" \/><figcaption id=\"caption-attachment-5972\" class=\"wp-caption-text\"><em><strong>Kit de siembra<\/strong><\/em><\/figcaption><\/figure>\n<figure id=\"attachment_5971\" aria-describedby=\"caption-attachment-5971\" style=\"width: 300px\" class=\"wp-caption aligncenter\"><img loading=\"lazy\" decoding=\"async\" loading=\"lazy\" class=\"eco-fade-img\" class=\"wp-image-5971 size-medium\" src=\"https:\/\/eco-regalos.com\/Colombia\/wp-content\/uploads\/2024\/02\/kit_siembra_yute5-300x226.jpg\" alt=\"Kit de siembra\" width=\"300\" height=\"226\" \/><figcaption id=\"caption-attachment-5971\" class=\"wp-caption-text\">Kit de siembra<\/figcaption><\/figure>\n<p>&nbsp;<\/p>\n<p><iframe title=\"kit de siembra con bolsa de yute. eco regalos\u00ae www.eco-regalos.com\" width=\"640\" height=\"360\" src=\"https:\/\/www.youtube.com\/embed\/A27A4TlDG5Q?feature=oembed\" frameborder=\"0\" allow=\"accelerometer; autoplay; clipboard-write; encrypted-media; gyroscope; picture-in-picture; web-share\" referrerpolicy=\"strict-origin-when-cross-origin\" allowfullscreen><\/iframe><\/p>\n<p>Instrucciones personalizadas.<\/p>\n<h5><strong>Opciones similares:<\/strong><\/h5>\n<p><a href=\"https:\/\/eco-regalos.com\/movil\/producto\/kit-de-siembra-en-caja-tipo-lonchera-eco-regalos-cantidad-minima-20-unidades\/\">Kit de siembra en caja lonchera<\/a> I <a href=\"https:\/\/eco-regalos.com\/movil\/producto\/bonsai-en-caja-de-regalo-personalizada-con-matera-de-coco\/\">Kit de siembra en caja de regalo<\/a> I <a href=\"https:\/\/eco-regalos.com\/movil\/producto\/kit-bonsai-en-matera-de-coco-con-faja-personalizada\/\">Kit de siembra con faja<\/a> I<\/p>\n","protected":false},"excerpt":{"rendered":"<div class=\"otQkpb\" role=\"heading\" aria-level=\"3\" data-animation-nesting=\"\" data-sfc-cp=\"\" data-complete=\"true\" data-processed=\"true\" data-sae=\"\"><strong class=\"Yjhzub\" data-complete=\"true\">Soluciones de Merchandising Residuo Cero: El C\u00edrculo Completo de tu Marca.<\/strong><\/div>\n<div class=\"Y3BBE\" data-sfc-cp=\"\" data-hveid=\"CAEIBBAA\" data-complete=\"true\" data-processed=\"true\" aria-owns=\"action-menu-parent-container\">Transformamos la comunicaci\u00f3n corporativa en un ciclo de vida sostenible. Nuestros productos germinables son la materializaci\u00f3n de la\u00a0<strong class=\"Yjhzub\" data-complete=\"true\" data-processed=\"true\">econom\u00eda circular<\/strong>: cada elemento (papel, yute, coco) est\u00e1 dise\u00f1ado para regresar a la tierra como nutriente, eliminando por completo el desperdicio<\/div>\n","protected":false},"featured_media":7628,"comment_status":"open","ping_status":"closed","template":"","meta":{"_sitemap_exclude":false,"_sitemap_priority":"","_sitemap_frequency":""},"product_brand":[],"product_cat":[584],"product_tag":[],"class_list":{"0":"post-5726","1":"product","2":"type-product","3":"status-publish","4":"has-post-thumbnail","6":"product_cat-kits-de-siembra","8":"first","9":"instock","10":"taxable","11":"shipping-taxable","12":"purchasable","13":"product-type-simple"},"yoast_head":"<!-- This site is optimized with the Yoast SEO Premium plugin v27.5 (Yoast SEO v27.5) - https:\/\/yoast.com\/product\/yoast-seo-premium-wordpress\/ -->\n<title>Kit de siembra con bolsa de yute y matera de coco<\/title>\n<meta name=\"description\" content=\"Kit de siembra con bolsa de yute y matera de coco. Personalizado con logo en la bolsa y en la matera. Conoce nuestro cat\u00e1logo de kits de siembra.\" \/>\n<meta name=\"robots\" content=\"index, follow, max-snippet:-1, max-image-preview:large, max-video-preview:-1\" \/>\n<link rel=\"canonical\" href=\"https:\/\/eco-regalos.com\/Colombia\/producto\/kit-de-siembra-con-bolsa-de-yute-y-matera-de-coco\/\" \/>\n<meta property=\"og:locale\" content=\"es_ES\" \/>\n<meta property=\"og:type\" content=\"article\" \/>\n<meta property=\"og:title\" content=\"Kit de siembra con bolsa de yute y matera de coco.\" \/>\n<meta property=\"og:description\" content=\"Kit de siembra con bolsa de yute y matera de coco. Personalizado con logo en la bolsa y en la matera. Conoce nuestro cat\u00e1logo de kits de siembra.\" \/>\n<meta property=\"og:url\" content=\"https:\/\/eco-regalos.com\/Colombia\/producto\/kit-de-siembra-con-bolsa-de-yute-y-matera-de-coco\/\" \/>\n<meta property=\"og:site_name\" content=\"Merchandising Ecol\u00f3gico\" \/>\n<meta property=\"article:modified_time\" content=\"2026-04-29T01:50:22+00:00\" \/>\n<meta property=\"og:image\" content=\"https:\/\/eco-regalos.com\/Colombia\/wp-content\/uploads\/2026\/02\/bolsa_yute-e1736877856418.jpg\" \/>\n\t<meta property=\"og:image:width\" content=\"327\" \/>\n\t<meta property=\"og:image:height\" content=\"288\" \/>\n\t<meta property=\"og:image:type\" content=\"image\/jpeg\" \/>\n<meta name=\"twitter:card\" content=\"summary_large_image\" \/>\n<meta name=\"twitter:label1\" content=\"Tiempo de lectura\" \/>\n\t<meta name=\"twitter:data1\" content=\"2 minutos\" \/>\n<script type=\"application\/ld+json\" class=\"yoast-schema-graph\">{\"@context\":\"https:\\\/\\\/schema.org\",\"@graph\":[{\"@type\":\"WebPage\",\"@id\":\"https:\\\/\\\/eco-regalos.com\\\/Colombia\\\/producto\\\/kit-de-siembra-con-bolsa-de-yute-y-matera-de-coco\\\/\",\"url\":\"https:\\\/\\\/eco-regalos.com\\\/Colombia\\\/producto\\\/kit-de-siembra-con-bolsa-de-yute-y-matera-de-coco\\\/\",\"name\":\"Kit de siembra con bolsa de yute y matera de coco\",\"isPartOf\":{\"@id\":\"https:\\\/\\\/eco-regalos.com\\\/Colombia\\\/#website\"},\"primaryImageOfPage\":{\"@id\":\"https:\\\/\\\/eco-regalos.com\\\/Colombia\\\/producto\\\/kit-de-siembra-con-bolsa-de-yute-y-matera-de-coco\\\/#primaryimage\"},\"image\":{\"@id\":\"https:\\\/\\\/eco-regalos.com\\\/Colombia\\\/producto\\\/kit-de-siembra-con-bolsa-de-yute-y-matera-de-coco\\\/#primaryimage\"},\"thumbnailUrl\":\"https:\\\/\\\/eco-regalos.com\\\/Colombia\\\/wp-content\\\/uploads\\\/2026\\\/02\\\/bolsa_yute-e1736877856418.jpg\",\"datePublished\":\"2024-02-06T18:41:49+00:00\",\"dateModified\":\"2026-04-29T01:50:22+00:00\",\"description\":\"Kit de siembra con bolsa de yute y matera de coco. Personalizado con logo en la bolsa y en la matera. Conoce nuestro cat\u00e1logo de kits de siembra.\",\"breadcrumb\":{\"@id\":\"https:\\\/\\\/eco-regalos.com\\\/Colombia\\\/producto\\\/kit-de-siembra-con-bolsa-de-yute-y-matera-de-coco\\\/#breadcrumb\"},\"inLanguage\":\"es\",\"potentialAction\":[{\"@type\":\"ReadAction\",\"target\":[\"https:\\\/\\\/eco-regalos.com\\\/Colombia\\\/producto\\\/kit-de-siembra-con-bolsa-de-yute-y-matera-de-coco\\\/\"]}]},{\"@type\":\"ImageObject\",\"inLanguage\":\"es\",\"@id\":\"https:\\\/\\\/eco-regalos.com\\\/Colombia\\\/producto\\\/kit-de-siembra-con-bolsa-de-yute-y-matera-de-coco\\\/#primaryimage\",\"url\":\"https:\\\/\\\/eco-regalos.com\\\/Colombia\\\/wp-content\\\/uploads\\\/2026\\\/02\\\/bolsa_yute-e1736877856418.jpg\",\"contentUrl\":\"https:\\\/\\\/eco-regalos.com\\\/Colombia\\\/wp-content\\\/uploads\\\/2026\\\/02\\\/bolsa_yute-e1736877856418.jpg\",\"width\":327,\"height\":288},{\"@type\":\"BreadcrumbList\",\"@id\":\"https:\\\/\\\/eco-regalos.com\\\/Colombia\\\/producto\\\/kit-de-siembra-con-bolsa-de-yute-y-matera-de-coco\\\/#breadcrumb\",\"itemListElement\":[{\"@type\":\"ListItem\",\"position\":1,\"name\":\"Portada\",\"item\":\"https:\\\/\\\/eco-regalos.com\\\/Colombia\\\/\"},{\"@type\":\"ListItem\",\"position\":2,\"name\":\"Productos germinables para campa\u00f1as ambientalmente responsables\",\"item\":\"https:\\\/\\\/eco-regalos.com\\\/Colombia\\\/catalogo_eco_regalos\\\/\"},{\"@type\":\"ListItem\",\"position\":3,\"name\":\"Kit de siembra con bolsa de yute y matera de coco.\"}]},{\"@type\":\"WebSite\",\"@id\":\"https:\\\/\\\/eco-regalos.com\\\/Colombia\\\/#website\",\"url\":\"https:\\\/\\\/eco-regalos.com\\\/Colombia\\\/\",\"name\":\"Eco Regalos - Merchandising Ecol\u00f3gico\",\"description\":\"Papel Semilla\",\"publisher\":{\"@id\":\"https:\\\/\\\/eco-regalos.com\\\/Colombia\\\/#organization\"},\"alternateName\":\"eco-regalos.com\",\"potentialAction\":[{\"@type\":\"SearchAction\",\"target\":{\"@type\":\"EntryPoint\",\"urlTemplate\":\"https:\\\/\\\/eco-regalos.com\\\/Colombia\\\/?s={search_term_string}\"},\"query-input\":{\"@type\":\"PropertyValueSpecification\",\"valueRequired\":true,\"valueName\":\"search_term_string\"}}],\"inLanguage\":\"es\"},{\"@type\":[\"Organization\",\"Place\"],\"@id\":\"https:\\\/\\\/eco-regalos.com\\\/Colombia\\\/#organization\",\"name\":\"Eco Regalos\",\"url\":\"https:\\\/\\\/eco-regalos.com\\\/Colombia\\\/\",\"logo\":{\"@id\":\"https:\\\/\\\/eco-regalos.com\\\/Colombia\\\/producto\\\/kit-de-siembra-con-bolsa-de-yute-y-matera-de-coco\\\/#local-main-organization-logo\"},\"image\":{\"@id\":\"https:\\\/\\\/eco-regalos.com\\\/Colombia\\\/producto\\\/kit-de-siembra-con-bolsa-de-yute-y-matera-de-coco\\\/#local-main-organization-logo\"},\"telephone\":[],\"openingHoursSpecification\":[{\"@type\":\"OpeningHoursSpecification\",\"dayOfWeek\":[\"Sunday\",\"Monday\",\"Tuesday\",\"Wednesday\",\"Thursday\",\"Friday\",\"Saturday\"],\"opens\":\"09:00\",\"closes\":\"17:00\"}]},{\"@type\":\"ImageObject\",\"inLanguage\":\"es\",\"@id\":\"https:\\\/\\\/eco-regalos.com\\\/Colombia\\\/producto\\\/kit-de-siembra-con-bolsa-de-yute-y-matera-de-coco\\\/#local-main-organization-logo\",\"url\":\"https:\\\/\\\/eco-regalos.com\\\/Colombia\\\/wp-content\\\/uploads\\\/2020\\\/08\\\/logo-2015-con-slogan.jpg\",\"contentUrl\":\"https:\\\/\\\/eco-regalos.com\\\/Colombia\\\/wp-content\\\/uploads\\\/2020\\\/08\\\/logo-2015-con-slogan.jpg\",\"width\":1461,\"height\":1121,\"caption\":\"Eco Regalos\"}]}<\/script>\n<!-- \/ Yoast SEO Premium plugin. -->","yoast_head_json":{"title":"Kit de siembra con bolsa de yute y matera de coco","description":"Kit de siembra con bolsa de yute y matera de coco. Personalizado con logo en la bolsa y en la matera. Conoce nuestro cat\u00e1logo de kits de siembra.","robots":{"index":"index","follow":"follow","max-snippet":"max-snippet:-1","max-image-preview":"max-image-preview:large","max-video-preview":"max-video-preview:-1"},"canonical":"https:\/\/eco-regalos.com\/Colombia\/producto\/kit-de-siembra-con-bolsa-de-yute-y-matera-de-coco\/","og_locale":"es_ES","og_type":"article","og_title":"Kit de siembra con bolsa de yute y matera de coco.","og_description":"Kit de siembra con bolsa de yute y matera de coco. Personalizado con logo en la bolsa y en la matera. Conoce nuestro cat\u00e1logo de kits de siembra.","og_url":"https:\/\/eco-regalos.com\/Colombia\/producto\/kit-de-siembra-con-bolsa-de-yute-y-matera-de-coco\/","og_site_name":"Merchandising Ecol\u00f3gico","article_modified_time":"2026-04-29T01:50:22+00:00","og_image":[{"width":327,"height":288,"url":"https:\/\/eco-regalos.com\/Colombia\/wp-content\/uploads\/2026\/02\/bolsa_yute-e1736877856418.jpg","type":"image\/jpeg"}],"twitter_card":"summary_large_image","twitter_misc":{"Tiempo de lectura":"2 minutos"},"schema":{"@context":"https:\/\/schema.org","@graph":[{"@type":"WebPage","@id":"https:\/\/eco-regalos.com\/Colombia\/producto\/kit-de-siembra-con-bolsa-de-yute-y-matera-de-coco\/","url":"https:\/\/eco-regalos.com\/Colombia\/producto\/kit-de-siembra-con-bolsa-de-yute-y-matera-de-coco\/","name":"Kit de siembra con bolsa de yute y matera de coco","isPartOf":{"@id":"https:\/\/eco-regalos.com\/Colombia\/#website"},"primaryImageOfPage":{"@id":"https:\/\/eco-regalos.com\/Colombia\/producto\/kit-de-siembra-con-bolsa-de-yute-y-matera-de-coco\/#primaryimage"},"image":{"@id":"https:\/\/eco-regalos.com\/Colombia\/producto\/kit-de-siembra-con-bolsa-de-yute-y-matera-de-coco\/#primaryimage"},"thumbnailUrl":"https:\/\/eco-regalos.com\/Colombia\/wp-content\/uploads\/2026\/02\/bolsa_yute-e1736877856418.jpg","datePublished":"2024-02-06T18:41:49+00:00","dateModified":"2026-04-29T01:50:22+00:00","description":"Kit de siembra con bolsa de yute y matera de coco. Personalizado con logo en la bolsa y en la matera. Conoce nuestro cat\u00e1logo de kits de siembra.","breadcrumb":{"@id":"https:\/\/eco-regalos.com\/Colombia\/producto\/kit-de-siembra-con-bolsa-de-yute-y-matera-de-coco\/#breadcrumb"},"inLanguage":"es","potentialAction":[{"@type":"ReadAction","target":["https:\/\/eco-regalos.com\/Colombia\/producto\/kit-de-siembra-con-bolsa-de-yute-y-matera-de-coco\/"]}]},{"@type":"ImageObject","inLanguage":"es","@id":"https:\/\/eco-regalos.com\/Colombia\/producto\/kit-de-siembra-con-bolsa-de-yute-y-matera-de-coco\/#primaryimage","url":"https:\/\/eco-regalos.com\/Colombia\/wp-content\/uploads\/2026\/02\/bolsa_yute-e1736877856418.jpg","contentUrl":"https:\/\/eco-regalos.com\/Colombia\/wp-content\/uploads\/2026\/02\/bolsa_yute-e1736877856418.jpg","width":327,"height":288},{"@type":"BreadcrumbList","@id":"https:\/\/eco-regalos.com\/Colombia\/producto\/kit-de-siembra-con-bolsa-de-yute-y-matera-de-coco\/#breadcrumb","itemListElement":[{"@type":"ListItem","position":1,"name":"Portada","item":"https:\/\/eco-regalos.com\/Colombia\/"},{"@type":"ListItem","position":2,"name":"Productos germinables para campa\u00f1as ambientalmente responsables","item":"https:\/\/eco-regalos.com\/Colombia\/catalogo_eco_regalos\/"},{"@type":"ListItem","position":3,"name":"Kit de siembra con bolsa de yute y matera de coco."}]},{"@type":"WebSite","@id":"https:\/\/eco-regalos.com\/Colombia\/#website","url":"https:\/\/eco-regalos.com\/Colombia\/","name":"Eco Regalos - Merchandising Ecol\u00f3gico","description":"Papel Semilla","publisher":{"@id":"https:\/\/eco-regalos.com\/Colombia\/#organization"},"alternateName":"eco-regalos.com","potentialAction":[{"@type":"SearchAction","target":{"@type":"EntryPoint","urlTemplate":"https:\/\/eco-regalos.com\/Colombia\/?s={search_term_string}"},"query-input":{"@type":"PropertyValueSpecification","valueRequired":true,"valueName":"search_term_string"}}],"inLanguage":"es"},{"@type":["Organization","Place"],"@id":"https:\/\/eco-regalos.com\/Colombia\/#organization","name":"Eco Regalos","url":"https:\/\/eco-regalos.com\/Colombia\/","logo":{"@id":"https:\/\/eco-regalos.com\/Colombia\/producto\/kit-de-siembra-con-bolsa-de-yute-y-matera-de-coco\/#local-main-organization-logo"},"image":{"@id":"https:\/\/eco-regalos.com\/Colombia\/producto\/kit-de-siembra-con-bolsa-de-yute-y-matera-de-coco\/#local-main-organization-logo"},"telephone":[],"openingHoursSpecification":[{"@type":"OpeningHoursSpecification","dayOfWeek":["Sunday","Monday","Tuesday","Wednesday","Thursday","Friday","Saturday"],"opens":"09:00","closes":"17:00"}]},{"@type":"ImageObject","inLanguage":"es","@id":"https:\/\/eco-regalos.com\/Colombia\/producto\/kit-de-siembra-con-bolsa-de-yute-y-matera-de-coco\/#local-main-organization-logo","url":"https:\/\/eco-regalos.com\/Colombia\/wp-content\/uploads\/2020\/08\/logo-2015-con-slogan.jpg","contentUrl":"https:\/\/eco-regalos.com\/Colombia\/wp-content\/uploads\/2020\/08\/logo-2015-con-slogan.jpg","width":1461,"height":1121,"caption":"Eco Regalos"}]}},"_links":{"self":[{"href":"https:\/\/eco-regalos.com\/Colombia\/wp-json\/wp\/v2\/product\/5726","targetHints":{"allow":["GET"]}}],"collection":[{"href":"https:\/\/eco-regalos.com\/Colombia\/wp-json\/wp\/v2\/product"}],"about":[{"href":"https:\/\/eco-regalos.com\/Colombia\/wp-json\/wp\/v2\/types\/product"}],"replies":[{"embeddable":true,"href":"https:\/\/eco-regalos.com\/Colombia\/wp-json\/wp\/v2\/comments?post=5726"}],"wp:featuredmedia":[{"embeddable":true,"href":"https:\/\/eco-regalos.com\/Colombia\/wp-json\/wp\/v2\/media\/7628"}],"wp:attachment":[{"href":"https:\/\/eco-regalos.com\/Colombia\/wp-json\/wp\/v2\/media?parent=5726"}],"wp:term":[{"taxonomy":"product_brand","embeddable":true,"href":"https:\/\/eco-regalos.com\/Colombia\/wp-json\/wp\/v2\/product_brand?post=5726"},{"taxonomy":"product_cat","embeddable":true,"href":"https:\/\/eco-regalos.com\/Colombia\/wp-json\/wp\/v2\/product_cat?post=5726"},{"taxonomy":"product_tag","embeddable":true,"href":"https:\/\/eco-regalos.com\/Colombia\/wp-json\/wp\/v2\/product_tag?post=5726"}],"curies":[{"name":"wp","href":"https:\/\/api.w.org\/{rel}","templated":true}]}}