{"id":83,"date":"2018-08-05T12:32:05","date_gmt":"2018-08-05T17:32:05","guid":{"rendered":"http:\/\/eco-regalos.com\/colombia\/?post_type=product&#038;p=83"},"modified":"2026-02-23T10:04:10","modified_gmt":"2026-02-23T15:04:10","slug":"huerta-de-especias-en-caja-de-madera-personalizada","status":"publish","type":"product","link":"https:\/\/eco-regalos.com\/Colombia\/producto\/huerta-de-especias-en-caja-de-madera-personalizada\/","title":{"rendered":"Huerta Premium en matera de madera de Pino pulido"},"content":{"rendered":"<h4><strong>Huerta de especias en caja de madera personalizada.<\/strong><\/h4>\n<p>La huerta es un <strong>kit de siembra<\/strong> elaborada en madera de pino pulido, esta huerta se encuentra en el top 10 de los <strong>regalos ecol\u00f3gicos personalizados<\/strong> para empresas con mayor impacto positivo.<\/p>\n<p><strong>Tama\u00f1o:<\/strong> 17 cm x 42 cm x 14 de alto.<\/p>\n<p><strong>kit de huerta<\/strong> que contiene la matera en madera pulida, con Geotextil para enrraizamiento, sustratos de desarrollo, 6 ecogerminadores con semillas para germinar 6 plantas, divididas en tres especies.\u00a0 Si desea se env\u00eda la pl\u00e1ntula lista para sembrar, o sea ya enrraizada.<\/p>\n<p>La <strong>huerta<\/strong> se desarrolla en esta matera de madera donde se cosecha poco a poco tomando de la planta las hojas que se necesitan diariamente permitiendo que las otras hojas se desarrollen.<\/p>\n<figure id=\"attachment_4533\" aria-describedby=\"caption-attachment-4533\" style=\"width: 300px\" class=\"wp-caption aligncenter\"><a href=\"https:\/\/eco-regalos.com\/movil\/wp-content\/uploads\/2018\/08\/huerta_regalos_corporativos3-1.jpg\"><img loading=\"lazy\" decoding=\"async\" loading=\"lazy\" class=\"eco-fade-img\" class=\"size-medium wp-image-4533\" src=\"https:\/\/eco-regalos.com\/movil\/wp-content\/uploads\/2018\/08\/huerta_regalos_corporativos3-1-300x225.jpg\" alt=\"Huerta para regalo empresarial\" width=\"300\" height=\"225\" srcset=\"https:\/\/eco-regalos.com\/Colombia\/wp-content\/uploads\/2018\/08\/huerta_regalos_corporativos3-1-300x225.jpg 300w, https:\/\/eco-regalos.com\/Colombia\/wp-content\/uploads\/2018\/08\/huerta_regalos_corporativos3-1.jpg 400w\" sizes=\"auto, (max-width: 300px) 100vw, 300px\" \/><\/a><figcaption id=\"caption-attachment-4533\" class=\"wp-caption-text\">Huerta en madera para regalo ecol\u00f3gico<\/figcaption><\/figure>\n<p>Es f\u00e1cil y divertido.\u00a0 Ideal para los <strong>regalos ecol\u00f3gicos corporativos<\/strong> de tu empresa.<\/p>\n<p>Ubica en tu balc\u00f3n, ventana o en cualquier lugar de la casa que reciba sol.<\/p>\n<h5><strong>Huerta de especias en kit para regalo en caja de madera personalizada.<\/strong><\/h5>\n<p><strong>Incluye:<\/strong><\/p>\n<ul>\n<li>6 ecogerminadores con semilla de huerta o 6 plantas de huerta vivas enrraizadas<\/li>\n<li>Geotextil<\/li>\n<li>Sustrato de coco para germinaci\u00f3n.<\/li>\n<li>\n<p style=\"text-align: center;\"><a href=\"https:\/\/eco-regalos.com\/movil\/wp-content\/uploads\/2018\/08\/huerta-en-cajon-de-madera9.jpg\"><img loading=\"lazy\" decoding=\"async\" loading=\"lazy\" class=\"eco-fade-img\" class=\"size-medium wp-image-1297 aligncenter\" src=\"https:\/\/eco-regalos.com\/movil\/wp-content\/uploads\/2018\/08\/huerta-en-cajon-de-madera9-300x224.jpg\" alt=\"Huerta personalizada\" width=\"300\" height=\"224\" srcset=\"https:\/\/eco-regalos.com\/Colombia\/wp-content\/uploads\/2018\/08\/huerta-en-cajon-de-madera9-300x225.jpg 300w, https:\/\/eco-regalos.com\/Colombia\/wp-content\/uploads\/2018\/08\/huerta-en-cajon-de-madera9.jpg 400w\" sizes=\"auto, (max-width: 300px) 100vw, 300px\" \/><\/a><\/p>\n<p><figure id=\"attachment_4535\" aria-describedby=\"caption-attachment-4535\" style=\"width: 300px\" class=\"wp-caption aligncenter\"><a href=\"https:\/\/eco-regalos.com\/movil\/wp-content\/uploads\/2018\/08\/huerta_regalos_corporativos2.jpg\"><img loading=\"lazy\" decoding=\"async\" loading=\"lazy\" class=\"eco-fade-img\" class=\"size-medium wp-image-4535\" src=\"https:\/\/eco-regalos.com\/movil\/wp-content\/uploads\/2018\/08\/huerta_regalos_corporativos2-300x225.jpg\" alt=\"Huerta para regalos corporativos\" width=\"300\" height=\"225\" srcset=\"https:\/\/eco-regalos.com\/Colombia\/wp-content\/uploads\/2018\/08\/huerta_regalos_corporativos2-300x225.jpg 300w, https:\/\/eco-regalos.com\/Colombia\/wp-content\/uploads\/2018\/08\/huerta_regalos_corporativos2.jpg 400w\" sizes=\"auto, (max-width: 300px) 100vw, 300px\" \/><\/a><figcaption id=\"caption-attachment-4535\" class=\"wp-caption-text\">Huertas personalizadas<\/figcaption><\/figure><\/li>\n<\/ul>\n<h5><strong>EL REGALO IDEAL.\u00a0\u00a0<\/strong><\/h5>\n<h5>Regalos ecologicos corporativos personalizados.<\/h5>\n<ol>\n<li>Instala el Geotextil en la matera de madera.<\/li>\n<li>Depositas el sustrato de coco distribuy\u00e9ndolo en toda la matera.<\/li>\n<li>Colocas los eco germinadores o las pl\u00e1ntulas a una distancia de 4 cm entre ellos.<\/li>\n<\/ol>\n<p style=\"text-align: center;\">En poco tiempo obtendr\u00e1s una linda huerta que podr\u00e1s ir cosechando peri\u00f3dicamente.<\/p>\n<p style=\"text-align: center;\">Nuestro Lema: <strong>\u00a1\u00a1Mejor regala vida!!<\/strong><\/p>\n\n<h5><strong>Importante<\/strong>:<\/h5>\n<p>Las semillas las manejamos pre plantadas en un ecogerminador.<br \/>\nEsto por la seguridad del usuario debido a que la semilla tiene fungicidas y por la seguridad del producto para garantizar su germinaci\u00f3n. Con la semilla pre plantada el usuario no manipula la semilla.<\/p>\n<p>Adicional, la semilla es fija.\u00a0 En la mayor\u00eda de lo casos la germinaci\u00f3n no es exitosa debido a que la semilla se va al fondo y se pudre porque no logra recibir luz y calor suficiente para su germinaci\u00f3n.<\/p>\n<p><strong>RECOMENDACI\u00d3N<\/strong><\/p>\n<p>Si la huerta es para entrega r\u00e1pida (2 o 3 d\u00edas),\u00a0 se recomienda la planta enrraizada.<\/p>\n<p style=\"text-align: center;\"><a href=\"https:\/\/eco-regalos.com\/movil\/wp-content\/uploads\/2018\/08\/perejil1.jpg\"><img loading=\"lazy\" decoding=\"async\" loading=\"lazy\" class=\"eco-fade-img\" class=\"alignnone size-medium wp-image-1288\" src=\"https:\/\/eco-regalos.com\/movil\/wp-content\/uploads\/2018\/08\/perejil1-280x300.jpg\" alt=\"\" width=\"280\" height=\"300\" srcset=\"https:\/\/eco-regalos.com\/Colombia\/wp-content\/uploads\/2018\/08\/perejil1-280x300.jpg 280w, https:\/\/eco-regalos.com\/Colombia\/wp-content\/uploads\/2018\/08\/perejil1.jpg 400w\" sizes=\"auto, (max-width: 280px) 100vw, 280px\" \/><\/a><\/p>\n<p>Si la huerta es para guardar por un tiempo antes de la entrega (2 o 3 d\u00edas),\u00a0 se recomienda ecogerminador.<\/p>\n<p style=\"text-align: center;\"><a href=\"https:\/\/eco-regalos.com\/movil\/wp-content\/uploads\/2018\/08\/agricultura_urbana3.jpg\"><img loading=\"lazy\" decoding=\"async\" loading=\"lazy\" class=\"eco-fade-img\" class=\"alignnone size-medium wp-image-1289\" src=\"https:\/\/eco-regalos.com\/movil\/wp-content\/uploads\/2018\/08\/agricultura_urbana3-208x300.jpg\" alt=\"\" width=\"208\" height=\"300\" srcset=\"https:\/\/eco-regalos.com\/Colombia\/wp-content\/uploads\/2018\/08\/agricultura_urbana3-208x300.jpg 208w, https:\/\/eco-regalos.com\/Colombia\/wp-content\/uploads\/2018\/08\/agricultura_urbana3.jpg 400w\" sizes=\"auto, (max-width: 208px) 100vw, 208px\" \/><\/a><\/p>\n<h5><span style=\"color: #3366ff;\"><strong>PRODUCTOS SIMILARES<\/strong><\/span><\/h5>\n<p><a href=\"https:\/\/eco-regalos.com\/movil\/producto\/kit-para-germinar-una-huerta-personalizado-e-incluye-tres-especies\/\">Kit bosque de bonsai o huerta<\/a> I <a href=\"https:\/\/eco-regalos.com\/movil\/producto\/kit-para-germinar-un-jardin-de-flores-con-soporte-de-madera\/\">Kit un jard\u00edn de flores muy especial<\/a><\/p>\n<p style=\"text-align: center;\"><strong><a href=\"http:\/\/caem.org.co\/ConveniosCARCAEM\/huellacarbono\/\">Te invitamos a cuidar el planeta, haz clic y calcula tu huella de carbono para que cada d\u00eda la reduzcas con conciencia.<\/a><\/strong><\/p>\n","protected":false},"excerpt":{"rendered":"<h4 class=\"Y3BBE\" data-hveid=\"CAEIBRAA\" data-complete=\"true\" data-processed=\"true\"><strong class=\"Yjhzub\" data-complete=\"true\" data-processed=\"true\">Kit de Huerta Urbana en Madera: Cosecha Bienestar Diario.<\/strong><\/h4>\n<div class=\"Y3BBE\" data-sfc-cp=\"\" data-hveid=\"CAEIBRAA\" data-complete=\"true\" data-processed=\"true\">Cultiva tus propias arom\u00e1ticas con nuestra huerta de madera artesanal. Dise\u00f1ada para una cosecha gradual que respeta el ciclo de la planta, este kit incluye todo lo necesario: sustratos, 6 plantas (semillas o pl\u00e1ntulas listas) y dise\u00f1o ergon\u00f3mico. La pieza perfecta de <strong class=\"Yjhzub\" data-complete=\"true\" data-processed=\"true\">decoraci\u00f3n sostenible<\/strong> que conecta tu marca con la naturaleza.<\/div>\n<div class=\"Fsg96\" data-sfc-cp=\"\" data-complete=\"true\" data-processed=\"true\"><\/div>\n<div data-subtree=\"aimba\" data-complete=\"true\" data-processed=\"true\">\n<div class=\"Jd31eb\" data-complete=\"true\" data-processed=\"true\"><\/div>\n<\/div>\n<div class=\"Fsg96\" data-sfc-cp=\"\" data-complete=\"true\" data-processed=\"true\"><\/div>\n","protected":false},"featured_media":7548,"comment_status":"open","ping_status":"closed","template":"","meta":{"_sitemap_exclude":false,"_sitemap_priority":"","_sitemap_frequency":""},"product_brand":[],"product_cat":[584],"product_tag":[],"class_list":{"0":"post-83","1":"product","2":"type-product","3":"status-publish","4":"has-post-thumbnail","6":"product_cat-kits-de-siembra","8":"first","9":"instock","10":"virtual","11":"taxable","12":"purchasable","13":"product-type-simple"},"yoast_head":"<!-- This site is optimized with the Yoast SEO Premium plugin v27.4 (Yoast SEO v27.4) - https:\/\/yoast.com\/product\/yoast-seo-premium-wordpress\/ -->\n<title>Huerta de especias en caja de madera personalizada.<\/title>\n<meta name=\"description\" content=\"Huerta de especias en kit de siembra para regalo. Huerta para cultivar en caja de madera personalizada con tres especies.\" \/>\n<meta name=\"robots\" content=\"index, follow, max-snippet:-1, max-image-preview:large, max-video-preview:-1\" \/>\n<link rel=\"canonical\" href=\"https:\/\/eco-regalos.com\/Colombia\/producto\/huerta-de-especias-en-caja-de-madera-personalizada\/\" \/>\n<meta property=\"og:locale\" content=\"es_ES\" \/>\n<meta property=\"og:type\" content=\"article\" \/>\n<meta property=\"og:title\" content=\"Huerta Premium para regalos corporativos\" \/>\n<meta property=\"og:description\" content=\"La huerta est\u00e1 elaborada en madera de pino pulido, esta huerta se encuentra en el top 10 de los regalos ecol\u00f3gicos personalizados para empresas con mayor impacto positivo.Tama\u00f1o: 17 cm x 42 cm x 14 de alto.kit de huerta que contiene la matera en madera pulida, con Geotextil para enrraizamiento, sustratos de desarrollo, 6 ecogerminadores con semillas para germinar 6 plantas, divididas en tres especies. Si desea se env\u00eda la pl\u00e1ntula lista para sembrar, o sea ya enrraizada.\" \/>\n<meta property=\"og:url\" content=\"https:\/\/eco-regalos.com\/Colombia\/producto\/huerta-de-especias-en-caja-de-madera-personalizada\/\" \/>\n<meta property=\"og:site_name\" content=\"Merchandising Ecol\u00f3gico\" \/>\n<meta property=\"article:modified_time\" content=\"2026-02-23T15:04:10+00:00\" \/>\n<meta property=\"og:image\" content=\"https:\/\/eco-regalos.com\/Colombia\/wp-content\/uploads\/2026\/02\/papel_germinado3-1.jpg\" \/>\n\t<meta property=\"og:image:width\" content=\"400\" \/>\n\t<meta property=\"og:image:height\" content=\"298\" \/>\n\t<meta property=\"og:image:type\" content=\"image\/jpeg\" \/>\n<meta name=\"twitter:card\" content=\"summary_large_image\" \/>\n<meta name=\"twitter:title\" content=\"Huerta Premium para regalos corporativos\" \/>\n<meta name=\"twitter:description\" content=\"La huerta est\u00e1 elaborada en madera de pino pulido, esta huerta se encuentra en el top 10 de los regalos ecol\u00f3gicos personalizados para empresas con mayor impacto positivo.Tama\u00f1o: 17 cm x 42 cm x 14 de alto.kit de huerta que contiene la matera en madera pulida, con Geotextil para enrraizamiento, sustratos de desarrollo, 6 ecogerminadores con semillas para germinar 6 plantas, divididas en tres especies. Si desea se env\u00eda la pl\u00e1ntula lista para sembrar, o sea ya enrraizada.\" \/>\n<meta name=\"twitter:label1\" content=\"Tiempo de lectura\" \/>\n\t<meta name=\"twitter:data1\" content=\"4 minutos\" \/>\n<script type=\"application\/ld+json\" class=\"yoast-schema-graph\">{\"@context\":\"https:\\\/\\\/schema.org\",\"@graph\":[{\"@type\":\"WebPage\",\"@id\":\"https:\\\/\\\/eco-regalos.com\\\/Colombia\\\/producto\\\/huerta-de-especias-en-caja-de-madera-personalizada\\\/\",\"url\":\"https:\\\/\\\/eco-regalos.com\\\/Colombia\\\/producto\\\/huerta-de-especias-en-caja-de-madera-personalizada\\\/\",\"name\":\"Huerta de especias en caja de madera personalizada.\",\"isPartOf\":{\"@id\":\"https:\\\/\\\/eco-regalos.com\\\/Colombia\\\/#website\"},\"primaryImageOfPage\":{\"@id\":\"https:\\\/\\\/eco-regalos.com\\\/Colombia\\\/producto\\\/huerta-de-especias-en-caja-de-madera-personalizada\\\/#primaryimage\"},\"image\":{\"@id\":\"https:\\\/\\\/eco-regalos.com\\\/Colombia\\\/producto\\\/huerta-de-especias-en-caja-de-madera-personalizada\\\/#primaryimage\"},\"thumbnailUrl\":\"https:\\\/\\\/eco-regalos.com\\\/Colombia\\\/wp-content\\\/uploads\\\/2026\\\/02\\\/papel_germinado3-1.jpg\",\"datePublished\":\"2018-08-05T17:32:05+00:00\",\"dateModified\":\"2026-02-23T15:04:10+00:00\",\"description\":\"Huerta de especias en kit de siembra para regalo. Huerta para cultivar en caja de madera personalizada con tres especies.\",\"breadcrumb\":{\"@id\":\"https:\\\/\\\/eco-regalos.com\\\/Colombia\\\/producto\\\/huerta-de-especias-en-caja-de-madera-personalizada\\\/#breadcrumb\"},\"inLanguage\":\"es\",\"potentialAction\":[{\"@type\":\"ReadAction\",\"target\":[\"https:\\\/\\\/eco-regalos.com\\\/Colombia\\\/producto\\\/huerta-de-especias-en-caja-de-madera-personalizada\\\/\"]}]},{\"@type\":\"ImageObject\",\"inLanguage\":\"es\",\"@id\":\"https:\\\/\\\/eco-regalos.com\\\/Colombia\\\/producto\\\/huerta-de-especias-en-caja-de-madera-personalizada\\\/#primaryimage\",\"url\":\"https:\\\/\\\/eco-regalos.com\\\/Colombia\\\/wp-content\\\/uploads\\\/2026\\\/02\\\/papel_germinado3-1.jpg\",\"contentUrl\":\"https:\\\/\\\/eco-regalos.com\\\/Colombia\\\/wp-content\\\/uploads\\\/2026\\\/02\\\/papel_germinado3-1.jpg\",\"width\":400,\"height\":298},{\"@type\":\"BreadcrumbList\",\"@id\":\"https:\\\/\\\/eco-regalos.com\\\/Colombia\\\/producto\\\/huerta-de-especias-en-caja-de-madera-personalizada\\\/#breadcrumb\",\"itemListElement\":[{\"@type\":\"ListItem\",\"position\":1,\"name\":\"Portada\",\"item\":\"https:\\\/\\\/eco-regalos.com\\\/Colombia\\\/\"},{\"@type\":\"ListItem\",\"position\":2,\"name\":\"Productos germinables para campa\u00f1as ambientalmente responsables\",\"item\":\"https:\\\/\\\/eco-regalos.com\\\/Colombia\\\/catalogo_eco_regalos\\\/\"},{\"@type\":\"ListItem\",\"position\":3,\"name\":\"Huerta Premium en matera de madera de Pino pulido\"}]},{\"@type\":\"WebSite\",\"@id\":\"https:\\\/\\\/eco-regalos.com\\\/Colombia\\\/#website\",\"url\":\"https:\\\/\\\/eco-regalos.com\\\/Colombia\\\/\",\"name\":\"Eco Regalos - Merchandising Ecol\u00f3gico\",\"description\":\"Papel Semilla\",\"publisher\":{\"@id\":\"https:\\\/\\\/eco-regalos.com\\\/Colombia\\\/#organization\"},\"alternateName\":\"eco-regalos.com\",\"potentialAction\":[{\"@type\":\"SearchAction\",\"target\":{\"@type\":\"EntryPoint\",\"urlTemplate\":\"https:\\\/\\\/eco-regalos.com\\\/Colombia\\\/?s={search_term_string}\"},\"query-input\":{\"@type\":\"PropertyValueSpecification\",\"valueRequired\":true,\"valueName\":\"search_term_string\"}}],\"inLanguage\":\"es\"},{\"@type\":[\"Organization\",\"Place\"],\"@id\":\"https:\\\/\\\/eco-regalos.com\\\/Colombia\\\/#organization\",\"name\":\"Eco Regalos\",\"url\":\"https:\\\/\\\/eco-regalos.com\\\/Colombia\\\/\",\"logo\":{\"@id\":\"https:\\\/\\\/eco-regalos.com\\\/Colombia\\\/producto\\\/huerta-de-especias-en-caja-de-madera-personalizada\\\/#local-main-organization-logo\"},\"image\":{\"@id\":\"https:\\\/\\\/eco-regalos.com\\\/Colombia\\\/producto\\\/huerta-de-especias-en-caja-de-madera-personalizada\\\/#local-main-organization-logo\"},\"telephone\":[],\"openingHoursSpecification\":[{\"@type\":\"OpeningHoursSpecification\",\"dayOfWeek\":[\"Sunday\",\"Monday\",\"Tuesday\",\"Wednesday\",\"Thursday\",\"Friday\",\"Saturday\"],\"opens\":\"09:00\",\"closes\":\"17:00\"}]},{\"@type\":\"ImageObject\",\"inLanguage\":\"es\",\"@id\":\"https:\\\/\\\/eco-regalos.com\\\/Colombia\\\/producto\\\/huerta-de-especias-en-caja-de-madera-personalizada\\\/#local-main-organization-logo\",\"url\":\"https:\\\/\\\/eco-regalos.com\\\/Colombia\\\/wp-content\\\/uploads\\\/2020\\\/08\\\/logo-2015-con-slogan.jpg\",\"contentUrl\":\"https:\\\/\\\/eco-regalos.com\\\/Colombia\\\/wp-content\\\/uploads\\\/2020\\\/08\\\/logo-2015-con-slogan.jpg\",\"width\":1461,\"height\":1121,\"caption\":\"Eco Regalos\"}]}<\/script>\n<!-- \/ Yoast SEO Premium plugin. -->","yoast_head_json":{"title":"Huerta de especias en caja de madera personalizada.","description":"Huerta de especias en kit de siembra para regalo. Huerta para cultivar en caja de madera personalizada con tres especies.","robots":{"index":"index","follow":"follow","max-snippet":"max-snippet:-1","max-image-preview":"max-image-preview:large","max-video-preview":"max-video-preview:-1"},"canonical":"https:\/\/eco-regalos.com\/Colombia\/producto\/huerta-de-especias-en-caja-de-madera-personalizada\/","og_locale":"es_ES","og_type":"article","og_title":"Huerta Premium para regalos corporativos","og_description":"La huerta est\u00e1 elaborada en madera de pino pulido, esta huerta se encuentra en el top 10 de los regalos ecol\u00f3gicos personalizados para empresas con mayor impacto positivo.Tama\u00f1o: 17 cm x 42 cm x 14 de alto.kit de huerta que contiene la matera en madera pulida, con Geotextil para enrraizamiento, sustratos de desarrollo, 6 ecogerminadores con semillas para germinar 6 plantas, divididas en tres especies. Si desea se env\u00eda la pl\u00e1ntula lista para sembrar, o sea ya enrraizada.","og_url":"https:\/\/eco-regalos.com\/Colombia\/producto\/huerta-de-especias-en-caja-de-madera-personalizada\/","og_site_name":"Merchandising Ecol\u00f3gico","article_modified_time":"2026-02-23T15:04:10+00:00","og_image":[{"width":400,"height":298,"url":"https:\/\/eco-regalos.com\/Colombia\/wp-content\/uploads\/2026\/02\/papel_germinado3-1.jpg","type":"image\/jpeg"}],"twitter_card":"summary_large_image","twitter_title":"Huerta Premium para regalos corporativos","twitter_description":"La huerta est\u00e1 elaborada en madera de pino pulido, esta huerta se encuentra en el top 10 de los regalos ecol\u00f3gicos personalizados para empresas con mayor impacto positivo.Tama\u00f1o: 17 cm x 42 cm x 14 de alto.kit de huerta que contiene la matera en madera pulida, con Geotextil para enrraizamiento, sustratos de desarrollo, 6 ecogerminadores con semillas para germinar 6 plantas, divididas en tres especies. Si desea se env\u00eda la pl\u00e1ntula lista para sembrar, o sea ya enrraizada.","twitter_misc":{"Tiempo de lectura":"4 minutos"},"schema":{"@context":"https:\/\/schema.org","@graph":[{"@type":"WebPage","@id":"https:\/\/eco-regalos.com\/Colombia\/producto\/huerta-de-especias-en-caja-de-madera-personalizada\/","url":"https:\/\/eco-regalos.com\/Colombia\/producto\/huerta-de-especias-en-caja-de-madera-personalizada\/","name":"Huerta de especias en caja de madera personalizada.","isPartOf":{"@id":"https:\/\/eco-regalos.com\/Colombia\/#website"},"primaryImageOfPage":{"@id":"https:\/\/eco-regalos.com\/Colombia\/producto\/huerta-de-especias-en-caja-de-madera-personalizada\/#primaryimage"},"image":{"@id":"https:\/\/eco-regalos.com\/Colombia\/producto\/huerta-de-especias-en-caja-de-madera-personalizada\/#primaryimage"},"thumbnailUrl":"https:\/\/eco-regalos.com\/Colombia\/wp-content\/uploads\/2026\/02\/papel_germinado3-1.jpg","datePublished":"2018-08-05T17:32:05+00:00","dateModified":"2026-02-23T15:04:10+00:00","description":"Huerta de especias en kit de siembra para regalo. Huerta para cultivar en caja de madera personalizada con tres especies.","breadcrumb":{"@id":"https:\/\/eco-regalos.com\/Colombia\/producto\/huerta-de-especias-en-caja-de-madera-personalizada\/#breadcrumb"},"inLanguage":"es","potentialAction":[{"@type":"ReadAction","target":["https:\/\/eco-regalos.com\/Colombia\/producto\/huerta-de-especias-en-caja-de-madera-personalizada\/"]}]},{"@type":"ImageObject","inLanguage":"es","@id":"https:\/\/eco-regalos.com\/Colombia\/producto\/huerta-de-especias-en-caja-de-madera-personalizada\/#primaryimage","url":"https:\/\/eco-regalos.com\/Colombia\/wp-content\/uploads\/2026\/02\/papel_germinado3-1.jpg","contentUrl":"https:\/\/eco-regalos.com\/Colombia\/wp-content\/uploads\/2026\/02\/papel_germinado3-1.jpg","width":400,"height":298},{"@type":"BreadcrumbList","@id":"https:\/\/eco-regalos.com\/Colombia\/producto\/huerta-de-especias-en-caja-de-madera-personalizada\/#breadcrumb","itemListElement":[{"@type":"ListItem","position":1,"name":"Portada","item":"https:\/\/eco-regalos.com\/Colombia\/"},{"@type":"ListItem","position":2,"name":"Productos germinables para campa\u00f1as ambientalmente responsables","item":"https:\/\/eco-regalos.com\/Colombia\/catalogo_eco_regalos\/"},{"@type":"ListItem","position":3,"name":"Huerta Premium en matera de madera de Pino pulido"}]},{"@type":"WebSite","@id":"https:\/\/eco-regalos.com\/Colombia\/#website","url":"https:\/\/eco-regalos.com\/Colombia\/","name":"Eco Regalos - Merchandising Ecol\u00f3gico","description":"Papel Semilla","publisher":{"@id":"https:\/\/eco-regalos.com\/Colombia\/#organization"},"alternateName":"eco-regalos.com","potentialAction":[{"@type":"SearchAction","target":{"@type":"EntryPoint","urlTemplate":"https:\/\/eco-regalos.com\/Colombia\/?s={search_term_string}"},"query-input":{"@type":"PropertyValueSpecification","valueRequired":true,"valueName":"search_term_string"}}],"inLanguage":"es"},{"@type":["Organization","Place"],"@id":"https:\/\/eco-regalos.com\/Colombia\/#organization","name":"Eco Regalos","url":"https:\/\/eco-regalos.com\/Colombia\/","logo":{"@id":"https:\/\/eco-regalos.com\/Colombia\/producto\/huerta-de-especias-en-caja-de-madera-personalizada\/#local-main-organization-logo"},"image":{"@id":"https:\/\/eco-regalos.com\/Colombia\/producto\/huerta-de-especias-en-caja-de-madera-personalizada\/#local-main-organization-logo"},"telephone":[],"openingHoursSpecification":[{"@type":"OpeningHoursSpecification","dayOfWeek":["Sunday","Monday","Tuesday","Wednesday","Thursday","Friday","Saturday"],"opens":"09:00","closes":"17:00"}]},{"@type":"ImageObject","inLanguage":"es","@id":"https:\/\/eco-regalos.com\/Colombia\/producto\/huerta-de-especias-en-caja-de-madera-personalizada\/#local-main-organization-logo","url":"https:\/\/eco-regalos.com\/Colombia\/wp-content\/uploads\/2020\/08\/logo-2015-con-slogan.jpg","contentUrl":"https:\/\/eco-regalos.com\/Colombia\/wp-content\/uploads\/2020\/08\/logo-2015-con-slogan.jpg","width":1461,"height":1121,"caption":"Eco Regalos"}]}},"_links":{"self":[{"href":"https:\/\/eco-regalos.com\/Colombia\/wp-json\/wp\/v2\/product\/83","targetHints":{"allow":["GET"]}}],"collection":[{"href":"https:\/\/eco-regalos.com\/Colombia\/wp-json\/wp\/v2\/product"}],"about":[{"href":"https:\/\/eco-regalos.com\/Colombia\/wp-json\/wp\/v2\/types\/product"}],"replies":[{"embeddable":true,"href":"https:\/\/eco-regalos.com\/Colombia\/wp-json\/wp\/v2\/comments?post=83"}],"wp:featuredmedia":[{"embeddable":true,"href":"https:\/\/eco-regalos.com\/Colombia\/wp-json\/wp\/v2\/media\/7548"}],"wp:attachment":[{"href":"https:\/\/eco-regalos.com\/Colombia\/wp-json\/wp\/v2\/media?parent=83"}],"wp:term":[{"taxonomy":"product_brand","embeddable":true,"href":"https:\/\/eco-regalos.com\/Colombia\/wp-json\/wp\/v2\/product_brand?post=83"},{"taxonomy":"product_cat","embeddable":true,"href":"https:\/\/eco-regalos.com\/Colombia\/wp-json\/wp\/v2\/product_cat?post=83"},{"taxonomy":"product_tag","embeddable":true,"href":"https:\/\/eco-regalos.com\/Colombia\/wp-json\/wp\/v2\/product_tag?post=83"}],"curies":[{"name":"wp","href":"https:\/\/api.w.org\/{rel}","templated":true}]}}