{"id":1121,"date":"2018-10-11T23:50:35","date_gmt":"2018-10-12T04:50:35","guid":{"rendered":"http:\/\/eco-regalos.com\/movilpe\/?post_type=product&#038;p=1121"},"modified":"2022-08-31T13:36:04","modified_gmt":"2022-08-31T18:36:04","slug":"60","status":"publish","type":"product","link":"https:\/\/eco-regalos.com\/movilpe\/producto\/60\/","title":{"rendered":"Tarjeta Macetera con Semillas<br><font size=\"2\"> Cantidad min\u00edma: 5000 Unidades <\/font>"},"content":{"rendered":"<h5><strong><span style=\"color: #808080;\">Solicita la plantilla de dise\u00f1o para elaborar el arte con tu marca o dise\u00f1o.<\/span><\/strong><\/h5>\n<h5><a href=\"https:\/\/eco-regalos.com\/movilpe_old_old\/wp-content\/uploads\/2021\/02\/Especificaciones-y-recomendaciones-papel-plantable-01.jpg\" target=\"_blank\" rel=\"noopener\"><span style=\"color: #0000ff;\">Ver especificaciones t\u00e9cnicas y recomendaciones de dise\u00f1o dando click aqu\u00ed.<\/span><\/a><\/h5>\n<h5><em><span style=\"color: #808080;\">Este producto es elaborado con papel semilla (Capacidad germinativa: 70<\/span><\/em><span style=\"color: #808080;\">%<\/span><em><span style=\"color: #808080;\"> a 90<\/span><\/em><span style=\"color: #808080;\">%<\/span><em><span style=\"color: #808080;\"> )<\/span><\/em><em><span style=\"color: #808080;\"> Impreso con tintas ecol\u00f3gicas\u00a0a base de soya.<\/span><\/em><\/h5>\n","protected":false},"excerpt":{"rendered":"<p><span style=\"color: #808080;\"><span style=\"font-family: Arial; font-size: medium;\"><strong>Tarjeta que se abre para convertirse en maceta<\/strong>, solo debes agregar\u00a0<\/span><span style=\"font-family: Arial; font-size: medium;\">el sustrato de abono incluido junto con las semillas pre plantadas\u00a0<\/span>y ver\u00e1s como comienzan a crecer tus plantitas.\u00a0<\/span><\/p>\n<p><em><span style=\"color: #808080;\">Germina flores, especias, bons\u00e1i y plantas medicinales<\/span><\/em><\/p>\n<p><strong><span style=\"color: #33cccc;\">La tarjeta siempre estar\u00e1 expuesta y\u00a0visible para todos, con tu mensaje siempre presente!<\/span><\/strong><\/p>\n<p><span style=\"color: #808080;\"><em>Podemos incluir el CALENDARIO 2019 EN LA TARJETA CON SU LOGO<\/em><\/span><\/p>\n<p><strong><span style=\"color: #33cccc;\">Personalizaci\u00f3n incluida:<\/span><\/strong><\/p>\n<p><span style=\"color: #808080;\">\u00a0&#8211; Tu dise\u00f1o o marca <strong>full color<\/strong> por ambos lados.<\/span><\/p>\n<p><span style=\"color: #808080;\"><em>(se reserva un\u00a0<\/em><em>espacio\u00a0<\/em><em>para instrucciones de siembra)<\/em><\/span><\/p>\n<p><strong><span style=\"color: #33cccc;\">Incluye:<\/span><\/strong><\/p>\n<p><span style=\"color: #808080;\">&#8211; Tarjeta macetera semillera<\/span><\/p>\n<p><span style=\"color: #808080;\">&#8211; Eco germinador con semillas pre plantadas. Tu eliges la especie!<\/span><\/p>\n<p><span style=\"color: #808080;\">&#8211; Sustrato de abono\u00a0<\/span><\/p>\n<p>&nbsp;<\/p>\n<p><span style=\"color: #33cccc;\"><strong>Tama\u00f1o:<\/strong><\/span><\/p>\n<p><span style=\"color: #808080;\"><strong>Cerrada:<\/strong> 12 cm x 8.5 cm<\/span><\/p>\n<p><span style=\"color: #808080;\"><strong>Abierta:<\/strong> 24 cm x 8.5 cm<\/span><\/p>\n<p><strong><span style=\"color: #808080;\">Duraci\u00f3n en escritorio: 3.4 meses aprox.<\/span><\/strong><\/p>\n","protected":false},"featured_media":2195,"comment_status":"open","ping_status":"closed","template":"","meta":[],"product_brand":[],"product_cat":[128,151,126,11],"product_tag":[324,326,265,275,282,288,262,263,289,164,274,325,200,290,165,267,327,277,291,286,285,261,284,260,269,280,328,281,294,293,292,270,273,272,283,279,323,259,287,276,332],"class_list":{"0":"post-1121","1":"product","2":"type-product","3":"status-publish","4":"has-post-thumbnail","6":"product_cat-calendarios","7":"product_cat-macetas-ecologicas","8":"product_cat-regalos-navidad","9":"product_cat-tarjetas-ecologicas-plantable","10":"product_tag-articulos-eco-para-oficina","11":"product_tag-calendarios-ecologicos","12":"product_tag-degradables","13":"product_tag-eco-tarjetas-plantables","14":"product_tag-eco-papel","15":"product_tag-eco-regalos","16":"product_tag-ecologicos","17":"product_tag-ecologicos-peru","18":"product_tag-ecoregalos","19":"product_tag-tags","20":"product_tag-etiquetas-ecologicas","21":"product_tag-germinables-publicitarios","22":"product_tag-merch","23":"product_tag-merch-ecologico","24":"product_tag-merchandising","25":"product_tag-merchandising-ecologico","26":"product_tag-navidad-y-fin-de-ano","27":"product_tag-papel-con-semillas","28":"product_tag-papel-con-semillas-imprimir","29":"product_tag-papel-eco","30":"product_tag-papel-ecologico","31":"product_tag-papel-plantable","32":"product_tag-papel-sembrable","33":"product_tag-papel-semilla","34":"product_tag-personalizados","35":"product_tag-productos-ecologicos","36":"product_tag-promociones-etiquetas-biodegradable","37":"product_tag-regalos-corporativos","38":"product_tag-regalos-empresas","39":"product_tag-regalos-novedosos","40":"product_tag-regalos-originales","41":"product_tag-regalos-personalizados","42":"product_tag-regalos-sustentables","43":"product_tag-semillas","44":"product_tag-siembra-papel","45":"product_tag-sustentables","46":"product_tag-tarjetas-plantables-con-semillas","47":"product_tag-tarjetas-ecologicas","48":"product_tag-tarjetas-personalizadas","49":"product_tag-tarjetas-sembrables","50":"product_tag-tarjetas-semillas","52":"first","53":"instock","54":"taxable","55":"shipping-taxable","56":"purchasable","57":"product-type-simple"},"_links":{"self":[{"href":"https:\/\/eco-regalos.com\/movilpe\/wp-json\/wp\/v2\/product\/1121","targetHints":{"allow":["GET"]}}],"collection":[{"href":"https:\/\/eco-regalos.com\/movilpe\/wp-json\/wp\/v2\/product"}],"about":[{"href":"https:\/\/eco-regalos.com\/movilpe\/wp-json\/wp\/v2\/types\/product"}],"replies":[{"embeddable":true,"href":"https:\/\/eco-regalos.com\/movilpe\/wp-json\/wp\/v2\/comments?post=1121"}],"wp:featuredmedia":[{"embeddable":true,"href":"https:\/\/eco-regalos.com\/movilpe\/wp-json\/wp\/v2\/media\/2195"}],"wp:attachment":[{"href":"https:\/\/eco-regalos.com\/movilpe\/wp-json\/wp\/v2\/media?parent=1121"}],"wp:term":[{"taxonomy":"product_brand","embeddable":true,"href":"https:\/\/eco-regalos.com\/movilpe\/wp-json\/wp\/v2\/product_brand?post=1121"},{"taxonomy":"product_cat","embeddable":true,"href":"https:\/\/eco-regalos.com\/movilpe\/wp-json\/wp\/v2\/product_cat?post=1121"},{"taxonomy":"product_tag","embeddable":true,"href":"https:\/\/eco-regalos.com\/movilpe\/wp-json\/wp\/v2\/product_tag?post=1121"}],"curies":[{"name":"wp","href":"https:\/\/api.w.org\/{rel}","templated":true}]}}