{"id":1501,"date":"2019-02-08T21:16:16","date_gmt":"2019-02-09T02:16:16","guid":{"rendered":"http:\/\/eco-regalos.com\/movilpe\/?post_type=product&#038;p=1501"},"modified":"2022-01-11T00:28:59","modified_gmt":"2022-01-11T05:28:59","slug":"378","status":"publish","type":"product","link":"https:\/\/eco-regalos.com\/movilpe\/producto\/378\/","title":{"rendered":"Caja de Regalo Personalizada + Hang Tag Germinable<br><font size=\"2\"> Cantidad min\u00edma: 500 Unidades <\/font>"},"content":{"rendered":"<p><span style=\"color: #808080;\">Cantidad m\u00ednima de venta: 50 unidades<\/span><\/p>\n<p><em><span style=\"color: #808080;\">Consulte disponibilidad\u00a0<\/span><\/em><\/p>\n<p>&nbsp;<\/p>\n<p>&nbsp;<\/p>\n","protected":false},"excerpt":{"rendered":"<p><span style=\"color: #808080;\">Caja de regalo personalizada full color con tu marca o evento acompa\u00f1ada de un tag germinable full color con tu logo o mensaje, elaborado 100% de papel semilla ecol\u00f3gico.<\/span><\/p>\n<p><strong><span style=\"color: #33cccc;\">Contiene:<\/span><\/strong><\/p>\n<p><span style=\"color: #808080;\">&#8211; Una caja de regalo personalizada\u00a0<\/span><\/p>\n<p><span style=\"color: #808080;\">&#8211; Cinta o list\u00f3n de color a elecci\u00f3n o cord\u00f3n natural en yute.<\/span><\/p>\n<p><span style=\"color: #808080;\">&#8211; Tag Germinable de Papel Semilla. (Semillas a elecci\u00f3n)<\/span><\/p>\n<p><span style=\"color: #33cccc;\"><strong>Personalizaci\u00f3n incluida:\u00a0<\/strong><\/span><\/p>\n<p><span style=\"color: #808080;\">&#8211; Tu logo o mensaje\u00a0<strong>full color<\/strong>\u00a0en el Tag germinable.<\/span><\/p>\n<p><span style=\"color: #33cccc;\"><strong>Tama\u00f1o caja de regalo:<\/strong><\/span><\/p>\n<p><span style=\"color: #808080;\"><strong>Cerrada:<\/strong>\u00a09 cm de altura x 10.5 de ancho\u00a0<\/span><\/p>\n<p><span style=\"color: #808080;\"><strong>Abierta:\u00a0<\/strong>18 cm de altura por 10.5 de ancho.<\/span><\/p>\n<p><span style=\"color: #33cccc;\"><strong>Tama\u00f1o Tag germinable:<\/strong><\/span><\/p>\n<p><span style=\"color: #808080;\">5.0 cm x 5.0 cm (Solicita el cat\u00e1logo de formas y siluetas disponibles)<\/span><\/p>\n<p>&nbsp;<\/p>\n<p><span style=\"color: #808080;\">Este producto contiene elementos elaborados con un sustrato de germinaci\u00f3n. No es solo un papel con semillas. Garantizamos 100% su germinaci\u00f3n.<\/span><\/p>\n","protected":false},"featured_media":1013,"comment_status":"open","ping_status":"closed","template":"","meta":[],"product_brand":[],"product_cat":[150,149,126],"product_tag":[167,173,165,168,169],"class_list":{"0":"post-1501","1":"product","2":"type-product","3":"status-publish","4":"has-post-thumbnail","6":"product_cat-productos-ecologicos-eventos","7":"product_cat-empaques-ecologicos-germinables","8":"product_cat-regalos-navidad","9":"product_tag-ecologico","10":"product_tag-empaques","11":"product_tag-merchandising","12":"product_tag-promocionales","13":"product_tag-regalos","15":"first","16":"instock","17":"sale","18":"taxable","19":"shipping-taxable","20":"purchasable","21":"product-type-simple"},"_links":{"self":[{"href":"https:\/\/eco-regalos.com\/movilpe\/wp-json\/wp\/v2\/product\/1501","targetHints":{"allow":["GET"]}}],"collection":[{"href":"https:\/\/eco-regalos.com\/movilpe\/wp-json\/wp\/v2\/product"}],"about":[{"href":"https:\/\/eco-regalos.com\/movilpe\/wp-json\/wp\/v2\/types\/product"}],"replies":[{"embeddable":true,"href":"https:\/\/eco-regalos.com\/movilpe\/wp-json\/wp\/v2\/comments?post=1501"}],"wp:featuredmedia":[{"embeddable":true,"href":"https:\/\/eco-regalos.com\/movilpe\/wp-json\/wp\/v2\/media\/1013"}],"wp:attachment":[{"href":"https:\/\/eco-regalos.com\/movilpe\/wp-json\/wp\/v2\/media?parent=1501"}],"wp:term":[{"taxonomy":"product_brand","embeddable":true,"href":"https:\/\/eco-regalos.com\/movilpe\/wp-json\/wp\/v2\/product_brand?post=1501"},{"taxonomy":"product_cat","embeddable":true,"href":"https:\/\/eco-regalos.com\/movilpe\/wp-json\/wp\/v2\/product_cat?post=1501"},{"taxonomy":"product_tag","embeddable":true,"href":"https:\/\/eco-regalos.com\/movilpe\/wp-json\/wp\/v2\/product_tag?post=1501"}],"curies":[{"name":"wp","href":"https:\/\/api.w.org\/{rel}","templated":true}]}}