{"id":1917,"date":"2019-08-06T20:11:19","date_gmt":"2019-08-07T01:11:19","guid":{"rendered":"http:\/\/eco-regalos.com\/movilpe\/?post_type=product&#038;p=1917"},"modified":"2023-10-03T00:32:03","modified_gmt":"2023-10-03T05:32:03","slug":"240","status":"publish","type":"product","link":"https:\/\/eco-regalos.com\/movilpe\/producto\/240\/","title":{"rendered":"Piezas de Papel Semilla a la medida"},"content":{"rendered":"<h5><a href=\"https:\/\/eco-regalos.com\/movilpe_old_old\/wp-content\/uploads\/2021\/02\/Especificaciones-y-recomendaciones-papel-plantable-01.jpg\" target=\"_blank\" rel=\"noopener\">Ver especificaciones t\u00e9cnicas y recomendaciones de dise\u00f1o dando click aqu\u00ed.<\/a><\/h5>\n<p>&nbsp;<\/p>\n<p>&nbsp;<\/p>\n","protected":false},"excerpt":{"rendered":"<p><span style=\"color: #808080;\">Piezas plantables elaboradas de papel semilla.\u00a0 <\/span><span style=\"color: #808080;\"><strong>\u00a1Las siembras para germinar\u00a0 flores, arboles o vegetales!<\/strong><\/span><\/p>\n<h5><span style=\"color: #008080;\"><strong>\ud83c\udf31Generan vida.\u00a0\u00a0<\/strong><\/span><span style=\"color: #008080;\"><strong>\u00a0<\/strong><\/span><\/h5>\n<h5><span style=\"color: #008080;\"><strong>\ud83c\udf43Aportan ox\u00edgeno al planeta.\u00a0 <\/strong><\/span><\/h5>\n<h5><span style=\"color: #008080;\"><strong>\u00a0<\/strong><\/span><span style=\"color: #008080;\"><strong>\ud83c\udf0eNo producen basura.\u00a0 \u00a0\u00a0<\/strong><\/span><\/h5>\n<h5><span style=\"color: #008080;\"><strong>\ud83c\udf33Relacionan tu marca con un pensamiento ecol\u00f3gico.<\/strong><\/span><\/h5>\n<p><!--more--><\/p>\n<p><span style=\"color: #008080;\"><strong><span style=\"color: #808080;\">Fabricamos las piezas a la medida exacta para tu marca, evento o campa\u00f1a.<\/span><br \/>\n<\/strong><\/span><!--more--><\/p>\n<p><span style=\"color: #008080;\"><strong>Impresi\u00f3n incluida:\u00a0\u00a0<\/strong><\/span><span style=\"color: #808080;\">Tu marca o dise\u00f1o\u00a0<strong>Full color.<\/strong>\u00a0<em>(a partir de 5000 unidades)<\/em><\/span><\/p>\n<h6><span style=\"color: #008080;\"><strong><i>Env\u00edanos<\/i><em>\u00a0tu dise\u00f1o, recuerda reservar un espacio para las instrucciones de siembra.<\/em><\/strong><\/span><\/h6>\n<p><!--more--><\/p>\n<p><span style=\"color: #008080;\"><strong>Semillas disponibles:\u00a0\u00a0<\/strong><\/span><span style=\"color: #0000ff;\"><a style=\"color: #0000ff;\" href=\"https:\/\/eco-regalos.com\/movilpe_old_old\/semillas-de-temporada\/\" target=\"_blank\" rel=\"noopener\">Ver lista de especies de temporada<\/a><\/span><\/p>\n<h5><!--more--><\/h5>\n<p><em><span style=\"color: #808080;\">Solicita tu cotizaci\u00f3n enviando la plantilla o medidas de tu dise\u00f1o.<\/span><\/em><\/p>\n<p><span style=\"color: #808080;\">El valor del <strong>nuevo troquel a la medida<\/strong> se incluye a partir de 5000 unidades en adelante, para cantidades menores el costo de elaboraci\u00f3n del troquel es adicional.<\/span><\/p>\n","protected":false},"featured_media":2217,"comment_status":"open","ping_status":"closed","template":"","meta":[],"product_brand":[],"product_cat":[150,9,11],"product_tag":[324,326,265,275,282,288,262,263,289,164,274,325,200,290,165,267,327,277,291,286,285,261,284,260,269,280,328,281,294,293,292,270,273,272,283,279,323,259,287,276,271],"class_list":{"0":"post-1917","1":"product","2":"type-product","3":"status-publish","4":"has-post-thumbnail","6":"product_cat-productos-ecologicos-eventos","7":"product_cat-promocionales-ecologicos","8":"product_cat-tarjetas-ecologicas-plantable","9":"product_tag-articulos-eco-para-oficina","10":"product_tag-calendarios-ecologicos","11":"product_tag-degradables","12":"product_tag-eco-tarjetas-plantables","13":"product_tag-eco-papel","14":"product_tag-eco-regalos","15":"product_tag-ecologicos","16":"product_tag-ecologicos-peru","17":"product_tag-ecoregalos","18":"product_tag-tags","19":"product_tag-etiquetas-ecologicas","20":"product_tag-germinables-publicitarios","21":"product_tag-merch","22":"product_tag-merch-ecologico","23":"product_tag-merchandising","24":"product_tag-merchandising-ecologico","25":"product_tag-navidad-y-fin-de-ano","26":"product_tag-papel-con-semillas","27":"product_tag-papel-con-semillas-imprimir","28":"product_tag-papel-eco","29":"product_tag-papel-ecologico","30":"product_tag-papel-plantable","31":"product_tag-papel-sembrable","32":"product_tag-papel-semilla","33":"product_tag-personalizados","34":"product_tag-productos-ecologicos","35":"product_tag-promociones-etiquetas-biodegradable","36":"product_tag-regalos-corporativos","37":"product_tag-regalos-empresas","38":"product_tag-regalos-novedosos","39":"product_tag-regalos-originales","40":"product_tag-regalos-personalizados","41":"product_tag-regalos-sustentables","42":"product_tag-semillas","43":"product_tag-siembra-papel","44":"product_tag-sustentables","45":"product_tag-tarjetas-plantables-con-semillas","46":"product_tag-tarjetas-ecologicas","47":"product_tag-tarjetas-personalizadas","48":"product_tag-tarjetas-sembrables","49":"product_tag-tarjetas-semilla","51":"first","52":"instock","53":"taxable","54":"shipping-taxable","55":"product-type-simple"},"_links":{"self":[{"href":"https:\/\/eco-regalos.com\/movilpe\/wp-json\/wp\/v2\/product\/1917","targetHints":{"allow":["GET"]}}],"collection":[{"href":"https:\/\/eco-regalos.com\/movilpe\/wp-json\/wp\/v2\/product"}],"about":[{"href":"https:\/\/eco-regalos.com\/movilpe\/wp-json\/wp\/v2\/types\/product"}],"replies":[{"embeddable":true,"href":"https:\/\/eco-regalos.com\/movilpe\/wp-json\/wp\/v2\/comments?post=1917"}],"wp:featuredmedia":[{"embeddable":true,"href":"https:\/\/eco-regalos.com\/movilpe\/wp-json\/wp\/v2\/media\/2217"}],"wp:attachment":[{"href":"https:\/\/eco-regalos.com\/movilpe\/wp-json\/wp\/v2\/media?parent=1917"}],"wp:term":[{"taxonomy":"product_brand","embeddable":true,"href":"https:\/\/eco-regalos.com\/movilpe\/wp-json\/wp\/v2\/product_brand?post=1917"},{"taxonomy":"product_cat","embeddable":true,"href":"https:\/\/eco-regalos.com\/movilpe\/wp-json\/wp\/v2\/product_cat?post=1917"},{"taxonomy":"product_tag","embeddable":true,"href":"https:\/\/eco-regalos.com\/movilpe\/wp-json\/wp\/v2\/product_tag?post=1917"}],"curies":[{"name":"wp","href":"https:\/\/api.w.org\/{rel}","templated":true}]}}