{"id":2273,"date":"2020-06-05T22:12:18","date_gmt":"2020-06-06T03:12:18","guid":{"rendered":"http:\/\/eco-regalos.com\/movilpe\/?post_type=product&#038;p=2273"},"modified":"2024-10-23T17:25:32","modified_gmt":"2024-10-23T22:25:32","slug":"caja-ecologica-para-vino-o-pisco","status":"publish","type":"product","link":"https:\/\/eco-regalos.com\/movilpe\/producto\/caja-ecologica-para-vino-o-pisco\/","title":{"rendered":"Caja Ecol\u00f3gica para Vino o Pisco"},"content":{"rendered":"<p><em><span style=\"color: #808080;\">Este producto no contiene semillas<\/span><\/em><\/p>\n<p><span style=\"color: #808080;\"><em>Solicita la plantilla de dise\u00f1o y cat\u00e1logo de formas para elaborar el arte con tu marca, dise\u00f1o o evento.<\/em><\/span><span style=\"color: #808080;\"><em>.<\/em><\/span><\/p>\n<p><strong>Consulte disponibilidad o stock<\/strong><\/p>\n<p>&nbsp;<\/p>\n","protected":false},"excerpt":{"rendered":"<p><span style=\"color: #808080;\">Linda caja para vino o pisco elaborada de material ecol\u00f3gico.<\/span><\/p>\n<p><strong style=\"color: #33cccc;\">Tama\u00f1o:<\/strong><\/p>\n<p><span style=\"color: #808080;\">37 x 10 x 10 cm<\/span><\/p>\n<div class=\"gmail_default\">\n<div class=\"gmail_default\"><strong style=\"color: #33cccc;\">Personalizaci\u00f3n adicional:<\/strong><\/div>\n<\/div>\n<ul>\n<li><span style=\"color: #808080;\">\u00a0Impresion de tu logo\u00a0<\/span><span style=\"color: #808080;\">a 1 color sobre el empaque.<\/span><\/li>\n<li><span style=\"color: #808080;\">Tag ecol\u00f3gico personalizado full color con tu marca o dise\u00f1o.<\/span><\/li>\n<li><span style=\"color: #808080;\">Etiqueta\u00a0adhesiva personalizada full color con tu marca o dise\u00f1o.<\/span><\/li>\n<\/ul>\n","protected":false},"featured_media":2278,"comment_status":"open","ping_status":"closed","template":"","meta":[],"product_brand":[],"product_cat":[150,149,126],"product_tag":[353,352,265,275,282,288,262,263,289,357,354,356,355,274,200,290,165,267,277,291,286,285,261,284,260,269,280,281,294,293,292,270,273,272,283,279,259,287,276,271],"class_list":{"0":"post-2273","1":"product","2":"type-product","3":"status-publish","4":"has-post-thumbnail","6":"product_cat-productos-ecologicos-eventos","7":"product_cat-empaques-ecologicos-germinables","8":"product_cat-regalos-navidad","9":"product_tag-caja-pisco","10":"product_tag-caja-vino","11":"product_tag-degradables","12":"product_tag-eco-tarjetas-plantables","13":"product_tag-eco-papel","14":"product_tag-eco-regalos","15":"product_tag-ecologicos","16":"product_tag-ecologicos-peru","17":"product_tag-ecoregalos","18":"product_tag-empaque-pisco","19":"product_tag-empaque-vino","20":"product_tag-estuche-pisco","21":"product_tag-estuche-vino","22":"product_tag-etiquetas-ecologicas","23":"product_tag-merch","24":"product_tag-merch-ecologico","25":"product_tag-merchandising","26":"product_tag-merchandising-ecologico","27":"product_tag-papel-con-semillas","28":"product_tag-papel-con-semillas-imprimir","29":"product_tag-papel-eco","30":"product_tag-papel-ecologico","31":"product_tag-papel-plantable","32":"product_tag-papel-sembrable","33":"product_tag-papel-semilla","34":"product_tag-personalizados","35":"product_tag-productos-ecologicos","36":"product_tag-regalos-corporativos","37":"product_tag-regalos-empresas","38":"product_tag-regalos-novedosos","39":"product_tag-regalos-originales","40":"product_tag-regalos-personalizados","41":"product_tag-regalos-sustentables","42":"product_tag-semillas","43":"product_tag-siembra-papel","44":"product_tag-sustentables","45":"product_tag-tarjetas-ecologicas","46":"product_tag-tarjetas-personalizadas","47":"product_tag-tarjetas-sembrables","48":"product_tag-tarjetas-semilla","50":"first","51":"instock","52":"sale","53":"taxable","54":"shipping-taxable","55":"purchasable","56":"product-type-simple"},"_links":{"self":[{"href":"https:\/\/eco-regalos.com\/movilpe\/wp-json\/wp\/v2\/product\/2273","targetHints":{"allow":["GET"]}}],"collection":[{"href":"https:\/\/eco-regalos.com\/movilpe\/wp-json\/wp\/v2\/product"}],"about":[{"href":"https:\/\/eco-regalos.com\/movilpe\/wp-json\/wp\/v2\/types\/product"}],"replies":[{"embeddable":true,"href":"https:\/\/eco-regalos.com\/movilpe\/wp-json\/wp\/v2\/comments?post=2273"}],"wp:featuredmedia":[{"embeddable":true,"href":"https:\/\/eco-regalos.com\/movilpe\/wp-json\/wp\/v2\/media\/2278"}],"wp:attachment":[{"href":"https:\/\/eco-regalos.com\/movilpe\/wp-json\/wp\/v2\/media?parent=2273"}],"wp:term":[{"taxonomy":"product_brand","embeddable":true,"href":"https:\/\/eco-regalos.com\/movilpe\/wp-json\/wp\/v2\/product_brand?post=2273"},{"taxonomy":"product_cat","embeddable":true,"href":"https:\/\/eco-regalos.com\/movilpe\/wp-json\/wp\/v2\/product_cat?post=2273"},{"taxonomy":"product_tag","embeddable":true,"href":"https:\/\/eco-regalos.com\/movilpe\/wp-json\/wp\/v2\/product_tag?post=2273"}],"curies":[{"name":"wp","href":"https:\/\/api.w.org\/{rel}","templated":true}]}}