{"id":3284,"date":"2018-07-10T21:36:42","date_gmt":"2018-07-11T02:36:42","guid":{"rendered":"http:\/\/eco-regalos.com\/movilpe\/?post_type=product&#038;p=3284"},"modified":"2022-08-31T13:41:27","modified_gmt":"2022-08-31T18:41:27","slug":"tags-plantables","status":"publish","type":"product","link":"https:\/\/eco-regalos.com\/movilpe\/producto\/tags-plantables\/","title":{"rendered":"Tags Plantables <br><font size=\"2\"> Cantidad min\u00edma: 1000 Unidades <\/font>"},"content":{"rendered":"<h5><strong><span style=\"color: #808080;\">Solicita la plantilla de dise\u00f1o para elaborar el arte con tu marca o dise\u00f1o.<\/span><\/strong><\/h5>\n<h5><a href=\"https:\/\/eco-regalos.com\/movilpe_old_old\/wp-content\/uploads\/2021\/02\/Especificaciones-y-recomendaciones-papel-plantable-01.jpg\" target=\"_blank\" rel=\"noopener\"><span style=\"color: #0000ff;\">Ver especificaciones t\u00e9cnicas y recomendaciones de dise\u00f1o dando click aqu\u00ed.<\/span><\/a><\/h5>\n<h5><em><span style=\"color: #808080;\">Este producto es elaborado con papel semilla (Capacidad germinativa: 70<\/span><\/em><span style=\"color: #808080;\">%<\/span><em><span style=\"color: #808080;\"> a 90<\/span><\/em><span style=\"color: #808080;\">%<\/span><em><span style=\"color: #808080;\"> )<\/span><\/em><em><span style=\"color: #808080;\"> Impreso con tintas ecol\u00f3gicas\u00a0a base de soya.<\/span><\/em><\/h5>\n","protected":false},"excerpt":{"rendered":"<p><span style=\"color: #808080;\">Tags o etiquetas plantables elaboradas de papel semilla.\u00a0 <\/span><span style=\"color: #808080;\"><strong>\u00a1Las siembras para germinar\u00a0 flores, arboles o vegetales!<\/strong><\/span><\/p>\n<h5><strong><em><span style=\"color: #808080;\">Reemplazan un tag que se convertir\u00eda en basura,<\/span><\/em><em><span style=\"color: #808080;\"> por una pieza llena de vida.<\/span><\/em><\/strong><\/h5>\n<p><!--more--><\/p>\n<h5><span style=\"color: #008080;\"><strong>\ud83c\udf31Generan vida.\u00a0\u00a0<\/strong><\/span><span style=\"color: #008080;\"><strong>\u00a0<\/strong><\/span><\/h5>\n<h5><span style=\"color: #008080;\"><strong>\ud83c\udf43Aportan ox\u00edgeno al planeta.\u00a0 <\/strong><\/span><\/h5>\n<h5><span style=\"color: #008080;\"><strong>\u00a0<\/strong><\/span><span style=\"color: #008080;\"><strong>\ud83c\udf0eNo producen basura.\u00a0 \u00a0\u00a0<\/strong><\/span><\/h5>\n<h5><span style=\"color: #008080;\"><strong>\ud83c\udf33Relacionan tu marca con un pensamiento ecol\u00f3gico.<\/strong><\/span><\/h5>\n<p><!--more--><\/p>\n<h5><span style=\"color: #808080;\"><strong><em>Si el producto que comercializas tiene un recipiente, la ganancia es doble, porque la etiqueta se puede sembrar ah\u00ed\u00a0mismo despu\u00e9s de su uso.\u00a0<\/em>Esta es una verdadera acci\u00f3n verde que contribuye al cuidado del planeta y reduce tu huella de carbono.<\/strong><\/span><\/h5>\n<p><!--more--><\/p>\n<p><span style=\"color: #008080;\"><strong>Impresi\u00f3n incluida:\u00a0\u00a0<\/strong><\/span><span style=\"color: #808080;\">Tu marca\u00a0por <strong>2 caras<\/strong>. (a partir de 5000 unidades)<\/span><\/p>\n<h6><span style=\"color: #008080;\"><strong><i>Env\u00edanos<\/i><em>\u00a0tu dise\u00f1o, recuerda reservar un espacio para las instrucciones de siembra.<\/em><\/strong><\/span><\/h6>\n<p><!--more--><\/p>\n<p><span style=\"color: #008080;\"><strong>Incluye:\u00a0\u00a0<\/strong><\/span><span style=\"color: #808080;\">Cord\u00f3n en fibra natural de yute ( Suelto, sin colocaci\u00f3n)\u00a0<\/span><\/p>\n<h6><span style=\"color: #008080;\"><strong><em>Medidas: <span style=\"color: #808080;\">18 cm\u00a0 extendido.<\/span><\/em><\/strong><\/span><\/h6>\n<p><!--more--><\/p>\n<p><span style=\"color: #008080;\"><strong>Semillas disponibles:\u00a0\u00a0<\/strong><\/span><span style=\"color: #0000ff;\"><a style=\"color: #0000ff;\" href=\"https:\/\/eco-regalos.com\/movilpe_old_old\/semillas-de-temporada\/\" target=\"_blank\" rel=\"noopener\">Ver lista de especies de temporada<\/a><\/span><\/p>\n<p><!--more--><\/p>\n<p><span style=\"color: #808080;\"><span style=\"color: #008080;\"><strong>Valor:<\/strong><\/span>\u00a0Selecciona el tama\u00f1o y cantidad de tu inter\u00e9s para conocer su costo.<\/span><\/p>\n","protected":false},"featured_media":2234,"comment_status":"open","ping_status":"closed","template":"","meta":[],"product_brand":[],"product_cat":[150,9,126],"product_tag":[278,282,288,262,263,481,482,170,494,450,453,492,274,499,449,423,504,485,468,473,448,472,471,474,467,475,447,489,466,469,470,501,500,503,200,290,267,484,277,291,286,285,261,496,284,260,280,281,294,293,292,270,273,283,480,479,451,478,464,452,477,465,239,498,488,476,420,502,483,487,457,455,495,486,490,493,259,491,497,456,287,454,276,271],"class_list":{"0":"post-3284","1":"product","2":"type-product","3":"status-publish","4":"has-post-thumbnail","6":"product_cat-productos-ecologicos-eventos","7":"product_cat-promocionales-ecologicos","8":"product_cat-regalos-navidad","9":"product_tag-biodegradable","10":"product_tag-eco-papel","11":"product_tag-eco-regalos","12":"product_tag-ecologicos","13":"product_tag-ecologicos-peru","14":"product_tag-etiqueta-biodegradable","15":"product_tag-etiqueta-papel-semilla","16":"product_tag-etiquetas","17":"product_tag-etiquetas-craft","18":"product_tag-etiquetas-creativas","19":"product_tag-etiquetas-degradable","20":"product_tag-etiquetas-ecofriendly","21":"product_tag-etiquetas-ecologicas","22":"product_tag-etiquetas-papel-reciclado","23":"product_tag-etiquetas-para-ropa","24":"product_tag-etiquetas-plantables","25":"product_tag-etiquetas-semilla","26":"product_tag-hang-tags-creativas","27":"product_tag-hang-tag-degradable","28":"product_tag-hang-tag-papel-semilla","29":"product_tag-hang-tags","30":"product_tag-hang-tags-biodegradable","31":"product_tag-hang-tags-con-semillas","32":"product_tag-hang-tags-craft","33":"product_tag-hang-tags-creativos","34":"product_tag-hang-tags-ecofriendly","35":"product_tag-hang-tags-ecologicos","36":"product_tag-hang-tags-papel-semilla","37":"product_tag-hang-tags-para-ropa","38":"product_tag-hang-tags-plantable","39":"product_tag-hang-tags-sembrables","40":"product_tag-hangtags-papel-eclogico","41":"product_tag-hangtags-papel-reciclado","42":"product_tag-hantags-semilla","43":"product_tag-merch","44":"product_tag-merch-ecologico","45":"product_tag-merchandising-ecologico","46":"product_tag-papel-biodegradable","47":"product_tag-papel-con-semillas","48":"product_tag-papel-con-semillas-imprimir","49":"product_tag-papel-eco","50":"product_tag-papel-ecologico","51":"product_tag-papel-plantable","52":"product_tag-papel-reciclado","53":"product_tag-papel-sembrable","54":"product_tag-papel-semilla","55":"product_tag-productos-ecologicos","56":"product_tag-regalos-corporativos","57":"product_tag-regalos-empresas","58":"product_tag-regalos-novedosos","59":"product_tag-regalos-originales","60":"product_tag-regalos-personalizados","61":"product_tag-regalos-sustentables","62":"product_tag-siembra-papel","63":"product_tag-tag-biodegradable","64":"product_tag-tag-papel-semilla","65":"product_tag-tags_creativos","66":"product_tag-tags-craft","67":"product_tag-tags-creativos","68":"product_tag-tags-degradables","69":"product_tag-tags-ecofriendly","70":"product_tag-tags-ecologicas","71":"product_tag-tags-ecologicos","72":"product_tag-tags-papel-reciclado","73":"product_tag-tags-papel-semilla","74":"product_tag-tags-para-ropa","75":"product_tag-tags-plantables","76":"product_tag-tags-semilla","77":"product_tag-tarjeta-biodegradable","78":"product_tag-tarjeta-papel-semilla","79":"product_tag-tarjetas-biodegradable","80":"product_tag-tarjetas-con-semillas","81":"product_tag-tarjetas-craft","82":"product_tag-tarjetas-creativas","83":"product_tag-tarjetas-de-agradecimiento","84":"product_tag-tarjetas-ecofriendly","85":"product_tag-tarjetas-ecologicas","86":"product_tag-tarjetas-gracias-por-tu-comra","87":"product_tag-tarjetas-papel-reciclado","88":"product_tag-tarjetas-papel-semilla","89":"product_tag-tarjetas-personalizadas","90":"product_tag-tarjetas-plantables","91":"product_tag-tarjetas-sembrables","92":"product_tag-tarjetas-semilla","94":"first","95":"instock","96":"sale","97":"featured","98":"taxable","99":"shipping-taxable","100":"purchasable","101":"product-type-variable","102":"has-default-attributes"},"_links":{"self":[{"href":"https:\/\/eco-regalos.com\/movilpe\/wp-json\/wp\/v2\/product\/3284","targetHints":{"allow":["GET"]}}],"collection":[{"href":"https:\/\/eco-regalos.com\/movilpe\/wp-json\/wp\/v2\/product"}],"about":[{"href":"https:\/\/eco-regalos.com\/movilpe\/wp-json\/wp\/v2\/types\/product"}],"replies":[{"embeddable":true,"href":"https:\/\/eco-regalos.com\/movilpe\/wp-json\/wp\/v2\/comments?post=3284"}],"wp:featuredmedia":[{"embeddable":true,"href":"https:\/\/eco-regalos.com\/movilpe\/wp-json\/wp\/v2\/media\/2234"}],"wp:attachment":[{"href":"https:\/\/eco-regalos.com\/movilpe\/wp-json\/wp\/v2\/media?parent=3284"}],"wp:term":[{"taxonomy":"product_brand","embeddable":true,"href":"https:\/\/eco-regalos.com\/movilpe\/wp-json\/wp\/v2\/product_brand?post=3284"},{"taxonomy":"product_cat","embeddable":true,"href":"https:\/\/eco-regalos.com\/movilpe\/wp-json\/wp\/v2\/product_cat?post=3284"},{"taxonomy":"product_tag","embeddable":true,"href":"https:\/\/eco-regalos.com\/movilpe\/wp-json\/wp\/v2\/product_tag?post=3284"}],"curies":[{"name":"wp","href":"https:\/\/api.w.org\/{rel}","templated":true}]}}