{"id":403,"date":"2018-08-07T12:49:38","date_gmt":"2018-08-07T17:49:38","guid":{"rendered":"http:\/\/eco-regalos.com\/movilpe\/?post_type=product&#038;p=403"},"modified":"2024-07-30T15:42:29","modified_gmt":"2024-07-30T20:42:29","slug":"393","status":"publish","type":"product","link":"https:\/\/eco-regalos.com\/movilpe\/producto\/393\/","title":{"rendered":"Tarjeta o Invitaci\u00f3n Ecol\u00f3gica con Semillas<br><font size=\"2\"> Cantidad min\u00edma: 1000 Unidades <\/font>"},"content":{"rendered":"<p><strong><span style=\"color: #808080;\">Solicita la plantilla de dise\u00f1o para elaborar el arte con tu marca o dise\u00f1o.<\/span><\/strong><\/p>\n<h5><a href=\"https:\/\/eco-regalos.com\/movilpe_old_old\/wp-content\/uploads\/2021\/02\/Especificaciones-y-recomendaciones-papel-plantable-01.jpg\" target=\"_blank\" rel=\"noopener\"><span style=\"color: #0000ff;\">Ver especificaciones t\u00e9cnicas y recomendaciones de dise\u00f1o dando click aqu\u00ed.<\/span><\/a><\/h5>\n<h5><em><span style=\"color: #808080;\">Este producto es elaborado con papel semilla (Capacidad germinativa: 70<\/span><\/em><span style=\"color: #808080;\">%<\/span><em><span style=\"color: #808080;\"> a 90<\/span><\/em><span style=\"color: #808080;\">%<\/span><em><span style=\"color: #808080;\"> )<\/span><\/em><em><span style=\"color: #808080;\"> Impreso con tintas ecol\u00f3gicas\u00a0a base de soya.<\/span><\/em><\/h5>\n","protected":false},"excerpt":{"rendered":"<p><span style=\"color: #808080;\">Tarjeta <strong>Ecol\u00f3gica<\/strong>, tipo invitaci\u00f3n que contiene una figura desprendible de <strong>papel semilla para germinar plantitas.<\/strong> La semilla la puedes seleccionar de acuerdo al dise\u00f1o de tu tarjeta.<\/span><\/p>\n<p><span style=\"color: #008080;\">La tarjeta se conserva con tu mensaje y <strong>el papel semilla desprendible se siembra para germinar un lindo bons\u00e1i, una flor o una arom\u00e1tica.<\/strong><\/span><\/p>\n<p><span style=\"color: #808080;\">Ideal para invitaciones, agradecimientos, felicitaciones en fechas especiales.<\/span><\/p>\n<p><span style=\"color: #008080;\"><strong>Personalizaci\u00f3n Incluida:<\/strong><\/span><\/p>\n<p><span style=\"color: #808080;\">&#8211; Tu marca, dise\u00f1o o mensaje a<strong> 2 colores<\/strong> en la tarjeta Ecol\u00f3gica <em>\u00a0(a partir de 500 unidades)<\/em><\/span><\/p>\n<p><span style=\"color: #808080;\">&#8211; Tu marca, dise\u00f1o o mensaje <strong>full color<\/strong> en la tarjeta Ecol\u00f3gica <em>\u00a0(a partir de 1000 unidades)<\/em><\/span><\/p>\n<p><span style=\"color: #808080;\">&#8211; Tu logo full color en la figura plantable.\u00a0<em>(a partir de 5000 unidades)<\/em><\/span><\/p>\n<h6><span style=\"color: #008080;\"><strong><i>Env\u00edanos<\/i><em>\u00a0tu dise\u00f1o, recuerda reservar un espacio para las instrucciones de siembra.<\/em><\/strong><\/span><\/h6>\n<p><!--more--><\/p>\n<p><span style=\"color: #008080;\"><strong>Semillas disponibles:\u00a0\u00a0<\/strong><\/span><span style=\"color: #0000ff;\"><a style=\"color: #0000ff;\" href=\"https:\/\/eco-regalos.com\/movilpe_old_old\/semillas-de-temporada\/\" target=\"_blank\" rel=\"noopener\">Ver lista de especies de temporada<\/a><\/span><\/p>\n","protected":false},"featured_media":2453,"comment_status":"open","ping_status":"closed","template":"","meta":[],"product_brand":[],"product_cat":[128,150,9,126,11],"product_tag":[278,265,275,282,288,262,263,289,164,274,200,290,165,267,277,291,286,285,261,284,260,269,280,281,294,293,292,270,273,272,283,279,259,287,276,271],"class_list":{"0":"post-403","1":"product","2":"type-product","3":"status-publish","4":"has-post-thumbnail","6":"product_cat-calendarios","7":"product_cat-productos-ecologicos-eventos","8":"product_cat-promocionales-ecologicos","9":"product_cat-regalos-navidad","10":"product_cat-tarjetas-ecologicas-plantable","11":"product_tag-biodegradable","12":"product_tag-degradables","13":"product_tag-eco-tarjetas-plantables","14":"product_tag-eco-papel","15":"product_tag-eco-regalos","16":"product_tag-ecologicos","17":"product_tag-ecologicos-peru","18":"product_tag-ecoregalos","19":"product_tag-tags","20":"product_tag-etiquetas-ecologicas","21":"product_tag-merch","22":"product_tag-merch-ecologico","23":"product_tag-merchandising","24":"product_tag-merchandising-ecologico","25":"product_tag-papel-con-semillas","26":"product_tag-papel-con-semillas-imprimir","27":"product_tag-papel-eco","28":"product_tag-papel-ecologico","29":"product_tag-papel-plantable","30":"product_tag-papel-sembrable","31":"product_tag-papel-semilla","32":"product_tag-personalizados","33":"product_tag-productos-ecologicos","34":"product_tag-regalos-corporativos","35":"product_tag-regalos-empresas","36":"product_tag-regalos-novedosos","37":"product_tag-regalos-originales","38":"product_tag-regalos-personalizados","39":"product_tag-regalos-sustentables","40":"product_tag-semillas","41":"product_tag-siembra-papel","42":"product_tag-sustentables","43":"product_tag-tarjetas-ecologicas","44":"product_tag-tarjetas-personalizadas","45":"product_tag-tarjetas-sembrables","46":"product_tag-tarjetas-semilla","48":"first","49":"instock","50":"sale","51":"featured","52":"taxable","53":"shipping-taxable","54":"purchasable","55":"product-type-simple"},"_links":{"self":[{"href":"https:\/\/eco-regalos.com\/movilpe\/wp-json\/wp\/v2\/product\/403","targetHints":{"allow":["GET"]}}],"collection":[{"href":"https:\/\/eco-regalos.com\/movilpe\/wp-json\/wp\/v2\/product"}],"about":[{"href":"https:\/\/eco-regalos.com\/movilpe\/wp-json\/wp\/v2\/types\/product"}],"replies":[{"embeddable":true,"href":"https:\/\/eco-regalos.com\/movilpe\/wp-json\/wp\/v2\/comments?post=403"}],"wp:featuredmedia":[{"embeddable":true,"href":"https:\/\/eco-regalos.com\/movilpe\/wp-json\/wp\/v2\/media\/2453"}],"wp:attachment":[{"href":"https:\/\/eco-regalos.com\/movilpe\/wp-json\/wp\/v2\/media?parent=403"}],"wp:term":[{"taxonomy":"product_brand","embeddable":true,"href":"https:\/\/eco-regalos.com\/movilpe\/wp-json\/wp\/v2\/product_brand?post=403"},{"taxonomy":"product_cat","embeddable":true,"href":"https:\/\/eco-regalos.com\/movilpe\/wp-json\/wp\/v2\/product_cat?post=403"},{"taxonomy":"product_tag","embeddable":true,"href":"https:\/\/eco-regalos.com\/movilpe\/wp-json\/wp\/v2\/product_tag?post=403"}],"curies":[{"name":"wp","href":"https:\/\/api.w.org\/{rel}","templated":true}]}}