{"id":5032,"date":"2024-09-06T13:21:45","date_gmt":"2024-09-06T18:21:45","guid":{"rendered":"https:\/\/eco-regalos.com\/movilpe\/?post_type=product&#038;p=5032"},"modified":"2024-10-30T13:14:28","modified_gmt":"2024-10-30T18:14:28","slug":"531","status":"publish","type":"product","link":"https:\/\/eco-regalos.com\/movilpe\/producto\/531\/","title":{"rendered":"P\u00edldora Sembrable con Tarjeta"},"content":{"rendered":"<h5>Cantidades menores a 3000 unidades sujetas a stock.<\/h5>\n<h5><strong><span style=\"color: #808080;\">Solicita la plantilla de dise\u00f1o para elaborar el arte con tu marca o dise\u00f1o.<\/span><\/strong><\/h5>\n<h5><a href=\"https:\/\/eco-regalos.com\/movilpe_old_old\/wp-content\/uploads\/2021\/02\/Especificaciones-y-recomendaciones-papel-plantable-01.jpg\" target=\"_blank\" rel=\"noopener\"><span style=\"color: #0000ff;\">Ver especificaciones t\u00e9cnicas y recomendaciones de dise\u00f1o dando click aqu\u00ed.<\/span><\/a><\/h5>\n<h5><\/h5>\n","protected":false},"excerpt":{"rendered":"<p><span style=\"color: #808080;\">Tarjeta Ecol\u00f3gica elaborada en papel reciclado que viene con una <strong>P\u00edldora Plantable que se siembra para germinar una planta!\u00a0\u00a0<\/strong><\/span><\/p>\n<p><span style=\"color: #008080;\"><strong>La informaci\u00f3n en tu tarjeta permanece y siembras la p\u00edldora.<\/strong><\/span><\/p>\n<p><span style=\"color: #808080;\"><b>Con esta tarjeta siempre recordar\u00e1n tu marca<\/b>, desde el primer impacto ser\u00e1 vinculada con un mensaje de responsabilidad ambiental. Sembrar y cosechar habla muy bien de la marca.<\/span><\/p>\n<p><span style=\"color: #808080;\">Puedes elegir entre las plantas disponibles, puede ser una flor, bons\u00e1i, arom\u00e1tica o huerta \u00a1\u00a1tu eliges!!<\/span><\/p>\n<p><span style=\"color: #008080;\"><strong>Est\u00e1s regalando una planta, \u00a1\u00a1est\u00e1s regalando vida en tus tarjetas!!<\/strong><\/span><\/p>\n<p><span style=\"color: #808080;\"><span style=\"color: #008080;\"><strong>Tama\u00f1o de la tarjeta: <\/strong><\/span>9.0 cm x 5.0 cm <em>aproximadamente<\/em><\/span><\/p>\n<p><span style=\"color: #008080;\"><strong>Personalizaci\u00f3n Incluida:<\/strong><\/span><\/p>\n<p><span style=\"color: #808080;\">&#8211; Tu marca, dise\u00f1o o mensaje full color.<\/span><\/p>\n<h6><span style=\"color: #008080;\"><strong><i>Env\u00edanos<\/i><em>\u00a0tu dise\u00f1o, recuerda reservar un espacio para las instrucciones de siembra.<\/em><\/strong><\/span><\/h6>\n<p><span style=\"color: #008080;\"><strong>Semillas disponibles:\u00a0\u00a0<\/strong><\/span><span style=\"color: #0000ff;\"><a style=\"color: #0000ff;\" href=\"https:\/\/eco-regalos.com\/movilpe_old_old\/semillas-de-temporada\/\" target=\"_blank\" rel=\"noopener\">Ver lista de especies de temporada<\/a><\/span><\/p>\n","protected":false},"featured_media":5042,"comment_status":"open","ping_status":"closed","template":"","meta":[],"product_brand":[],"product_cat":[9],"product_tag":[],"class_list":{"0":"post-5032","1":"product","2":"type-product","3":"status-publish","4":"has-post-thumbnail","6":"product_cat-promocionales-ecologicos","8":"first","9":"instock","10":"sale","11":"taxable","12":"shipping-taxable","13":"purchasable","14":"product-type-variable"},"_links":{"self":[{"href":"https:\/\/eco-regalos.com\/movilpe\/wp-json\/wp\/v2\/product\/5032","targetHints":{"allow":["GET"]}}],"collection":[{"href":"https:\/\/eco-regalos.com\/movilpe\/wp-json\/wp\/v2\/product"}],"about":[{"href":"https:\/\/eco-regalos.com\/movilpe\/wp-json\/wp\/v2\/types\/product"}],"replies":[{"embeddable":true,"href":"https:\/\/eco-regalos.com\/movilpe\/wp-json\/wp\/v2\/comments?post=5032"}],"wp:featuredmedia":[{"embeddable":true,"href":"https:\/\/eco-regalos.com\/movilpe\/wp-json\/wp\/v2\/media\/5042"}],"wp:attachment":[{"href":"https:\/\/eco-regalos.com\/movilpe\/wp-json\/wp\/v2\/media?parent=5032"}],"wp:term":[{"taxonomy":"product_brand","embeddable":true,"href":"https:\/\/eco-regalos.com\/movilpe\/wp-json\/wp\/v2\/product_brand?post=5032"},{"taxonomy":"product_cat","embeddable":true,"href":"https:\/\/eco-regalos.com\/movilpe\/wp-json\/wp\/v2\/product_cat?post=5032"},{"taxonomy":"product_tag","embeddable":true,"href":"https:\/\/eco-regalos.com\/movilpe\/wp-json\/wp\/v2\/product_tag?post=5032"}],"curies":[{"name":"wp","href":"https:\/\/api.w.org\/{rel}","templated":true}]}}